{"id":1036,"date":"2013-12-08T11:58:07","date_gmt":"2013-12-08T09:58:07","guid":{"rendered":"http:\/\/www.hamburg-fuer-die-elbe.de\/?page_id=1036"},"modified":"2014-11-01T18:39:36","modified_gmt":"2014-11-01T17:39:36","slug":"statistiken","status":"publish","type":"page","link":"https:\/\/www.hamburg-fuer-die-elbe.de\/?page_id=1036","title":{"rendered":"Statistiken und Schiffe"},"content":{"rendered":"<p>Hier finden Sie Statistiken, die in der Diskussion \u00fcber die Notwendigkeit der Elbvertiefung von Bedeutung sind.<\/p>\n<p>Hier finden Sie<\/p>\n<ul>\n<li><a title=\"Containerumschlag in Hamburg\" href=\"https:\/\/www.hamburg-fuer-die-elbe.de\/?page_id=1040\">Container-Umschlagsstatistik<\/a>,<\/li>\n<li><a title=\"Tiefgangsstatistik\" href=\"https:\/\/www.hamburg-fuer-die-elbe.de\/?page_id=1044\">Tiefgangsstatistik f\u00fcr Containerschiffe mit mehr als 13.000 TEU f\u00fcr 2013<\/a>,<\/li>\n<li><a title=\"Sauerstoffloch Hamburg\" href=\"https:\/\/www.hamburg-fuer-die-elbe.de\/?page_id=2519\">Sauerstoffloch<\/a> jeweils f\u00fcr die letzten 30 und 360 Tage,<\/li>\n<li>Livekarten zu den Schiffen an den Hamburger Terminals <a href=\"https:\/\/www.hamburg-fuer-die-elbe.de\/?page_id=3022\">CTB und CTH<\/a>, <a title=\"Schiffe am CTA\" href=\"https:\/\/www.hamburg-fuer-die-elbe.de\/?page_id=3056\">CTA<\/a> und <a title=\"Schiffe am CTT\" href=\"https:\/\/www.hamburg-fuer-die-elbe.de\/?page_id=3065\">CTT<\/a>.<\/li>\n<\/ul>\n","protected":false},"excerpt":{"rendered":"<p>Hier finden Sie Statistiken, die in der Diskussion \u00fcber die Notwendigkeit der Elbvertiefung von Bedeutung sind. Hier finden Sie Container-Umschlagsstatistik, Tiefgangsstatistik f\u00fcr Containerschiffe mit mehr als 13.000 TEU f\u00fcr 2013, Sauerstoffloch jeweils f\u00fcr die letzten 30 und 360 Tage, Livekarten zu den Schiffen an den Hamburger Terminals CTB und CTH, CTA und CTT.<\/p>\n","protected":false},"author":2,"featured_media":0,"parent":2,"menu_order":0,"comment_status":"closed","ping_status":"closed","template":"","meta":{"footnotes":""},"_links":{"self":[{"href":"https:\/\/www.hamburg-fuer-die-elbe.de\/index.php?rest_route=\/wp\/v2\/pages\/1036"}],"collection":[{"href":"https:\/\/www.hamburg-fuer-die-elbe.de\/index.php?rest_route=\/wp\/v2\/pages"}],"about":[{"href":"https:\/\/www.hamburg-fuer-die-elbe.de\/index.php?rest_route=\/wp\/v2\/types\/page"}],"author":[{"embeddable":true,"href":"https:\/\/www.hamburg-fuer-die-elbe.de\/index.php?rest_route=\/wp\/v2\/users\/2"}],"replies":[{"embeddable":true,"href":"https:\/\/www.hamburg-fuer-die-elbe.de\/index.php?rest_route=%2Fwp%2Fv2%2Fcomments&post=1036"}],"version-history":[{"count":8,"href":"https:\/\/www.hamburg-fuer-die-elbe.de\/index.php?rest_route=\/wp\/v2\/pages\/1036\/revisions"}],"predecessor-version":[{"id":3705,"href":"https:\/\/www.hamburg-fuer-die-elbe.de\/index.php?rest_route=\/wp\/v2\/pages\/1036\/revisions\/3705"}],"up":[{"embeddable":true,"href":"https:\/\/www.hamburg-fuer-die-elbe.de\/index.php?rest_route=\/wp\/v2\/pages\/2"}],"wp:attachment":[{"href":"https:\/\/www.hamburg-fuer-die-elbe.de\/index.php?rest_route=%2Fwp%2Fv2%2Fmedia&parent=1036"}],"curies":[{"name":"wp","href":"https:\/\/api.w.org\/{rel}","templated":true}]}}