{"id":1040,"date":"2013-12-08T12:15:24","date_gmt":"2013-12-08T10:15:24","guid":{"rendered":"http:\/\/www.hamburg-fuer-die-elbe.de\/?page_id=1040"},"modified":"2022-05-11T18:12:30","modified_gmt":"2022-05-11T16:12:30","slug":"containerumschlag-in-hamburg","status":"publish","type":"page","link":"https:\/\/www.hamburg-fuer-die-elbe.de\/?page_id=1040","title":{"rendered":"Containerumschlag in Hamburg"},"content":{"rendered":"<p>Die <strong>offizielle Container-Umschl<\/strong><strong>agsstatistik<\/strong> wird vom &#8220;Statistischen Amt f\u00fcr Hamburg und Schleswig-Holstein&#8221; monatlich nachtr\u00e4glich ver\u00f6ffentlicht. Bei der Aktualisierung der Zahlen haben wir einen zeitlichen Verzug von bis zu 6 Monaten festgestellt.<a href=\"https:\/\/www.hamburg-fuer-die-elbe.de\/wordpress\/wp-content\/uploads\/2015\/01\/Containerumschlag.jpg\" target=\"_blank\" rel=\"noopener noreferrer\"><img loading=\"lazy\" decoding=\"async\" class=\"alignright wp-image-4845 size-medium\" src=\"https:\/\/www.hamburg-fuer-die-elbe.de\/wordpress\/wp-content\/uploads\/2015\/01\/Containerumschlag-300x168.jpg\" alt=\"Containerumschlag\" width=\"300\" height=\"168\" srcset=\"https:\/\/www.hamburg-fuer-die-elbe.de\/wordpress\/wp-content\/uploads\/2015\/01\/Containerumschlag-300x168.jpg 300w, https:\/\/www.hamburg-fuer-die-elbe.de\/wordpress\/wp-content\/uploads\/2015\/01\/Containerumschlag.jpg 768w\" sizes=\"(max-width: 300px) 100vw, 300px\" \/><\/a><\/p>\n<p>Sie finden die Statistik auf den <a href=\"https:\/\/www.statistik-nord.de\/zahlen-fakten\/transport-verkehr\/monatszahlen-verkehr?inputTree%5B%5D=c%3A34&amp;prevInputTree%5B%5D=c%3A34&amp;inputTree%5B%5D=t%3A152&amp;prevInputTree%5B%5D=%3F%3A-1&amp;filter%5Blocation%5D=1&amp;filter%5Blocation%5D=2\" target=\"_blank\" rel=\"noopener noreferrer\">Internetseiten<\/a> des &#8220;Statistikamt Nord&#8221; in den Monatszahlen versteckt. Alternativ k\u00f6nnen Sie unsere \u00dcbersicht zum <a href=\"https:\/\/www.hamburg-fuer-die-elbe.de\/wordpress\/wp-content\/uploads\/2022\/05\/Containerumschlag-HH-2000-2021.pdf\" target=\"_blank\" rel=\"noopener\">Containerumschlag HH 2000-2021<\/a>, die wir auf Basis des Statistikamtes Nord unter Angabe von Jahressummen f\u00fchren, aufrufen.<\/p>\n<p>Die Methodik, mit der das Statistikamt Nord die Daten ermittelt, beruht auf folgenden Rechtsgrundlagen:<\/p>\n<ul>\n<li>Europ\u00e4ische Union: Verordnung (<a href=\"http:\/\/eur-lex.europa.eu\/legal-content\/DE\/TXT\/PDF\/?uri=CELEX:32012D0186&amp;from=EN\" target=\"_blank\" rel=\"noopener noreferrer\">2012\/186\/EU<\/a>) zur \u00c4nderung der Richtlinie 2009\/42\/EG des Europ\u00e4ischen Parlaments und des Rates \u00fcber die statistische Erfassung des G\u00fcter- und Personenverkehrs.<\/li>\n<li>Bundesrepublik Deutschland: Verkehrsstatistikgesetz (<a href=\"http:\/\/www.gesetze-im-internet.de\/verkstatg\/BJNR245210999.html\" target=\"_blank\" rel=\"noopener noreferrer\">VerkStatG<\/a>) in der Fassung der Bekanntmachung vom 20. Februar 2004 (BGBl. I S. 318), zuletzt ge\u00e4ndert durch Artikel 2 des Gesetzes vom 6. November 2008 (BGBl. I S. 2162) in Verbindung mit dem Bundesstatistikgesetz (BStatG) vom 22. Januar 1987 (BGBl. I S. 462,565), in der jeweils geltenden Fassung. Erhoben werden die Angaben zu \u00a7 3 VerkStatG.<\/li>\n<\/ul>\n","protected":false},"excerpt":{"rendered":"<p>Die offizielle Container-Umschlagsstatistik wird vom &#8220;Statistischen Amt f\u00fcr Hamburg und Schleswig-Holstein&#8221; monatlich nachtr\u00e4glich ver\u00f6ffentlicht. Bei der Aktualisierung der Zahlen haben wir einen zeitlichen Verzug von bis zu 6 Monaten festgestellt. Sie finden die Statistik auf den Internetseiten des &#8220;Statistikamt Nord&#8221; in den Monatszahlen versteckt. Alternativ k\u00f6nnen Sie unsere \u00dcbersicht zum Containerumschlag HH 2000-2021, die wir &hellip; <a href=\"https:\/\/www.hamburg-fuer-die-elbe.de\/?page_id=1040\" class=\"more-link\"><span class=\"screen-reader-text\">Containerumschlag in Hamburg<\/span> weiterlesen <span class=\"meta-nav\">&rarr;<\/span><\/a><\/p>\n","protected":false},"author":2,"featured_media":0,"parent":1036,"menu_order":0,"comment_status":"closed","ping_status":"closed","template":"","meta":{"footnotes":""},"_links":{"self":[{"href":"https:\/\/www.hamburg-fuer-die-elbe.de\/index.php?rest_route=\/wp\/v2\/pages\/1040"}],"collection":[{"href":"https:\/\/www.hamburg-fuer-die-elbe.de\/index.php?rest_route=\/wp\/v2\/pages"}],"about":[{"href":"https:\/\/www.hamburg-fuer-die-elbe.de\/index.php?rest_route=\/wp\/v2\/types\/page"}],"author":[{"embeddable":true,"href":"https:\/\/www.hamburg-fuer-die-elbe.de\/index.php?rest_route=\/wp\/v2\/users\/2"}],"replies":[{"embeddable":true,"href":"https:\/\/www.hamburg-fuer-die-elbe.de\/index.php?rest_route=%2Fwp%2Fv2%2Fcomments&post=1040"}],"version-history":[{"count":55,"href":"https:\/\/www.hamburg-fuer-die-elbe.de\/index.php?rest_route=\/wp\/v2\/pages\/1040\/revisions"}],"predecessor-version":[{"id":11591,"href":"https:\/\/www.hamburg-fuer-die-elbe.de\/index.php?rest_route=\/wp\/v2\/pages\/1040\/revisions\/11591"}],"up":[{"embeddable":true,"href":"https:\/\/www.hamburg-fuer-die-elbe.de\/index.php?rest_route=\/wp\/v2\/pages\/1036"}],"wp:attachment":[{"href":"https:\/\/www.hamburg-fuer-die-elbe.de\/index.php?rest_route=%2Fwp%2Fv2%2Fmedia&parent=1040"}],"curies":[{"name":"wp","href":"https:\/\/api.w.org\/{rel}","templated":true}]}}