{"id":1156,"date":"2014-01-06T09:29:37","date_gmt":"2014-01-06T07:29:37","guid":{"rendered":"http:\/\/www.hamburg-fuer-die-elbe.de\/?page_id=1156"},"modified":"2015-04-19T16:37:37","modified_gmt":"2015-04-19T15:37:37","slug":"containerterminals","status":"publish","type":"page","link":"https:\/\/www.hamburg-fuer-die-elbe.de\/?page_id=1156","title":{"rendered":"Containerterminals"},"content":{"rendered":"<p>In den deutschen Containerh\u00e4fen Bremerhaven, Hamburg und Wilhelmshaven wird der Containerumschlag \u00fcber privatwirtschaftliche Containerterminal-Unternehmen betrieben.<\/p>\n<p>Diese Terminalbetreiber erhalten von den staatlichen Hafenverwaltungsgesellschaften langfristige Konzessionen f\u00fcr den Containerumschlag (<a href=\"http:\/\/www.bremenports.de\/misc\/filePush.php?id=577&amp;name=JWP_deutsch_1.pdf\" target=\"_blank\">z.B. 40 Jahre<\/a>) und zahlen f\u00fcr die Nutzung der Terminalfl\u00e4che ein sehr niedrige Pacht.<a href=\"#_ftn1\">[1]<\/a> Die Terminalbetreiber m\u00fcssen in die f\u00fcr den Containerumschlag notwendige bewegliche Ausr\u00fcstung , z.B. die Containerbr\u00fccken investieren. Diese Ausr\u00fcstung wird auch als Suprastruktur bezeichnet.<\/p>\n<p>Der Markt in Deutschland ist von lediglich zwei Terminalbetreibern gepr\u00e4gt. Dieses ist die <a href=\"http:\/\/www1.eurogate.de\/\" target=\"_blank\">Eurogate GmbH &amp; Co. KGaA, KG<\/a> (Eurogate) in allen deutschen H\u00e4fen\u00a0 und die <a href=\"http:\/\/hhla.de\/de\/startseite.html\" target=\"_blank\">Hamburger Hafen und Logistik Aktiengesellschaft<\/a> (HHLA), die in Deutschland ausschlie\u00dflich in Hamburg t\u00e4tig ist. Die Marktanteile sind, mit Ausnahme des Zeitraums nach der Finanzkrise, seit Jahren nahezu unver\u00e4ndert. Der verbleibende Umschlag von 2,0 % (Sonstige) ist sehr gering.<a href=\"#_ftn2\">[2]<\/a><\/p>\n<table border=\"2\" width=\"648\" cellspacing=\"0\" cellpadding=\"0\">\n<colgroup>\n<col width=\"80\" \/>\n<col width=\"89\" \/>\n<col span=\"4\" width=\"80\" \/>\n<col width=\"79\" \/>\n<col width=\"80\" \/> <\/colgroup>\n<tbody>\n<tr>\n<td width=\"80\" height=\"20\"><\/td>\n<td style=\"text-align: center;\" width=\"89\"><strong>Deutschland<\/strong><\/td>\n<td style=\"text-align: center;\" colspan=\"2\" width=\"160\"><strong>Eurogate<\/strong><\/td>\n<td style=\"text-align: center;\" colspan=\"2\" width=\"160\"><strong>Sonstige<\/strong><\/td>\n<td style=\"text-align: center;\" colspan=\"2\" width=\"159\"><strong>HHLA<\/strong><\/td>\n<\/tr>\n<tr>\n<td style=\"text-align: center;\" height=\"20\">Jahr<\/td>\n<td style=\"text-align: center;\">Gesamt-TEU<\/td>\n<td style=\"text-align: center;\">TEU<\/td>\n<td style=\"text-align: center;\">Anteil<\/td>\n<td style=\"text-align: center;\">TEU<\/td>\n<td style=\"text-align: center;\">Anteil<\/td>\n<td style=\"text-align: center;\">TEU<\/td>\n<td style=\"text-align: center;\">Anteil<\/td>\n<\/tr>\n<tr>\n<td style=\"text-align: center;\" height=\"20\">2014<\/td>\n<td style=\"text-align: center;\" align=\"right\">15.639.000<\/td>\n<td style=\"text-align: center;\" align=\"right\">8.112.000<\/td>\n<td style=\"text-align: center;\" align=\"right\">51,87%<\/td>\n<td style=\"text-align: center;\" align=\"right\">327.000<\/td>\n<td style=\"text-align: center;\" align=\"right\">2,09%<\/td>\n<td style=\"text-align: center;\" align=\"right\">7.200.000<\/td>\n<td style=\"text-align: center;\" align=\"right\">46,04%<\/td>\n<\/tr>\n<tr>\n<td style=\"text-align: center;\" height=\"20\">2013<\/td>\n<td style=\"text-align: center;\" align=\"right\">15.209.000<\/td>\n<td style=\"text-align: center;\" align=\"right\">7.836.000<\/td>\n<td style=\"text-align: center;\" align=\"right\">51,52%<\/td>\n<td style=\"text-align: center;\" align=\"right\">273.000<\/td>\n<td style=\"text-align: center;\" align=\"right\">1,80%<\/td>\n<td style=\"text-align: center;\" align=\"right\">7.100.000<\/td>\n<td style=\"text-align: center;\" align=\"right\">46,68%<\/td>\n<\/tr>\n<tr>\n<td style=\"text-align: center;\" height=\"20\">2012<\/td>\n<td style=\"text-align: center;\" align=\"right\">15.052.000<\/td>\n<td style=\"text-align: center;\" align=\"right\">7.929.000<\/td>\n<td style=\"text-align: center;\" align=\"right\">52,68%<\/td>\n<td style=\"text-align: center;\" align=\"right\">269.000<\/td>\n<td style=\"text-align: center;\" align=\"right\">1,79%<\/td>\n<td style=\"text-align: center;\" align=\"right\">6.854.000<\/td>\n<td style=\"text-align: center;\" align=\"right\">45,54%<\/td>\n<\/tr>\n<tr>\n<td style=\"text-align: center;\" height=\"20\">2011<\/td>\n<td style=\"text-align: center;\" align=\"right\">14.960.000<\/td>\n<td style=\"text-align: center;\" align=\"right\">7.954.000<\/td>\n<td style=\"text-align: center;\" align=\"right\">53,17%<\/td>\n<td style=\"text-align: center;\" align=\"right\">237.000<\/td>\n<td style=\"text-align: center;\" align=\"right\">1,58%<\/td>\n<td style=\"text-align: center;\" align=\"right\">6.769.000<\/td>\n<td style=\"text-align: center;\" align=\"right\">45,25%<\/td>\n<\/tr>\n<tr>\n<td style=\"text-align: center;\" height=\"20\">2010<\/td>\n<td style=\"text-align: center;\" align=\"right\">12.784.000<\/td>\n<td style=\"text-align: center;\" align=\"right\">6.991.000<\/td>\n<td style=\"text-align: center;\" align=\"right\">54,69%<\/td>\n<td style=\"text-align: center;\" align=\"right\">245.000<\/td>\n<td style=\"text-align: center;\" align=\"right\">1,92%<\/td>\n<td style=\"text-align: center;\" align=\"right\">5.548.000<\/td>\n<td style=\"text-align: center;\" align=\"right\">43,40%<\/td>\n<\/tr>\n<tr>\n<td style=\"text-align: center;\" height=\"20\">2009<\/td>\n<td style=\"text-align: center;\" align=\"right\">11.587.000<\/td>\n<td style=\"text-align: center;\" align=\"right\">6.674.000<\/td>\n<td style=\"text-align: center;\" align=\"right\">57,60%<\/td>\n<td style=\"text-align: center;\" align=\"right\">213.000<\/td>\n<td style=\"text-align: center;\" align=\"right\">1,84%<\/td>\n<td style=\"text-align: center;\" align=\"right\">4.700.000<\/td>\n<td style=\"text-align: center;\" align=\"right\">40,56%<\/td>\n<\/tr>\n<tr>\n<td style=\"text-align: center;\" height=\"20\">2008<\/td>\n<td style=\"text-align: center;\" align=\"right\">15.237.000<\/td>\n<td style=\"text-align: center;\" align=\"right\">8.190.000<\/td>\n<td style=\"text-align: center;\" align=\"right\">53,75%<\/td>\n<td style=\"text-align: center;\" align=\"right\">267.000<\/td>\n<td style=\"text-align: center;\" align=\"right\">1,75%<\/td>\n<td style=\"text-align: center;\" align=\"right\">6.780.000<\/td>\n<td style=\"text-align: center;\" align=\"right\">44,50%<\/td>\n<\/tr>\n<tr>\n<td style=\"text-align: center;\" height=\"20\">2007<\/td>\n<td style=\"text-align: center;\" align=\"right\">14.782.000<\/td>\n<td style=\"text-align: center;\" align=\"right\">7.808.000<\/td>\n<td style=\"text-align: center;\" align=\"right\">52,82%<\/td>\n<td style=\"text-align: center;\" align=\"right\">268.000<\/td>\n<td style=\"text-align: center;\" align=\"right\">1,81%<\/td>\n<td style=\"text-align: center;\" align=\"right\">6.706.000<\/td>\n<td style=\"text-align: center;\" align=\"right\">45,37%<\/td>\n<\/tr>\n<tr>\n<td style=\"text-align: center;\" height=\"20\">2006<\/td>\n<td style=\"text-align: center;\" align=\"right\">13.306.000<\/td>\n<td style=\"text-align: center;\" align=\"right\">6.972.000<\/td>\n<td style=\"text-align: center;\" align=\"right\">52,40%<\/td>\n<td style=\"text-align: center;\" align=\"right\">234.000<\/td>\n<td style=\"text-align: center;\" align=\"right\">1,76%<\/td>\n<td style=\"text-align: center;\" align=\"right\">6.100.000<\/td>\n<td style=\"text-align: center;\" align=\"right\">45,84%<\/td>\n<\/tr>\n<tr>\n<td style=\"text-align: center;\" height=\"21\">2005<\/td>\n<td style=\"text-align: center;\" align=\"right\">11.832.000<\/td>\n<td style=\"text-align: center;\" align=\"right\">6.372.000<\/td>\n<td style=\"text-align: center;\" align=\"right\">53,85%<\/td>\n<td style=\"text-align: center;\" align=\"right\">160.000<\/td>\n<td style=\"text-align: center;\" align=\"right\">1,35%<\/td>\n<td style=\"text-align: center;\" align=\"right\">5.300.000<\/td>\n<td style=\"text-align: center;\" align=\"right\">44,79%<\/td>\n<\/tr>\n<\/tbody>\n<\/table>\n<p>Nachfolgend werden die beiden deutschen Terminalbetreiber und ihre Aktivit\u00e4ten in den H\u00e4fen beschrieben. <a title=\"Eurogate\" href=\"https:\/\/www.hamburg-fuer-die-elbe.de\/?page_id=1170\">N\u00e4chste Seite Eurogate&#8211;&gt;<\/a><\/p>\n<hr align=\"left\" size=\"1\" width=\"33%\" \/>\n<div>\n<p><a href=\"#_ftnref1\">[1]\u00a0 <\/a>JadeWeserPort Realisierungs GmbH &amp; Co. KG, &#8220;<a href=\"http:\/\/www.bremenports.de\/misc\/filePush.php?id=577&amp;name=JWP_deutsch_1.pdf\" target=\"_blank\">JadeWeserPort &#8211; Der Tiefwasserhafen Wilhelmshaven<\/a>&#8220;, Seite 5 und Hamburger Abendblatt, &#8220;<a href=\"http:\/\/www.abendblatt.de\/archive\/1998\/pdf\/19980914.pdf\/ASV_HAB_19980914_HA_020.pdf\" target=\"_blank\">Bremen auf Kurs 2000<\/a>&#8220;, vom 14.09.1998, Seite 20.<br \/>\nZu den Mieten im Hamburger Hafen: Hamburgische B\u00fcrgerschaft, Schriftliche kleine Anfrage, \u201cEntwicklung der Fl\u00e4chen im Hamburger Hafen\u201d, <a href=\"https:\/\/www.buergerschaft-hh.de\/ParlDok\/dokument\/34307\/entwicklung-der-fl%c3%a4chen-im-hamburger-hafen.pdf\" target=\"_blank\" class=\"broken_link\">Drucksache 20\/1869<\/a>, hier Frage 3 mit einer Durchschnittsmiete von 3,20 Euro pro Quadratmeter und <b>Jahr <\/b>sowie Gro\u00dfe Anfrage, \u201cHafenfinanzierung\u201d, <a href=\"https:\/\/www.buergerschaft-hh.de\/ParlDok\/dokument\/36451\/hafenfinanzierung.pdf\" target=\"_blank\" class=\"broken_link\">Drucksache 20\/3890, <\/a>hier Frage 42 b) mit einer Durchschnittsmiete von 3,30 Euro pro Quadratmeter und <b><span style=\"text-decoration: underline;\">Jahr<\/span><\/b>.<br \/>\n<a href=\"#_ftnref2\">[2]<\/a> Daten aus der Auswertung der Jahresabschl\u00fcsse von Eurogate und HHLA der Jahre 2005 bis 2013. Die Jahresabschl\u00fcsse sind im <a href=\"https:\/\/www.unternehmensregister.de\/ureg\/\" target=\"_blank\">Unternehmensregister<\/a> unter <span style=\"text-decoration: underline;\">genauer Angabe<\/span> der der o.a. Firmierungen zu finden. Die Zahlen f\u00fcr 2014 wurden f\u00fcr die HHLA dem <a href=\"http:\/\/hhla.de\/fileadmin\/download\/investor_relations\/HHLA_GB2014.pdf\" target=\"_blank\">Gesch\u00e4ftsbericht 2014<\/a> entnommen, und f\u00fcr Eurogate der Pressemitteilung &#8220;<a href=\"http:\/\/www1.eurogate.de\/Ueber-uns\/Presse\/Pressemeldungen\/Strategie-erfolgreich-bestaetigt-Betriebsergebnis-um-10-2-Prozent-gestiegen\" target=\"_blank\">Strategie erfolgreich best\u00e4tigt: Betriebsergebnis um 10,2 Prozent gestiegen<\/a>&#8221; vom 14.04.2015 entnommen.<\/p>\n<\/div>\n","protected":false},"excerpt":{"rendered":"<p>In den deutschen Containerh\u00e4fen Bremerhaven, Hamburg und Wilhelmshaven wird der Containerumschlag \u00fcber privatwirtschaftliche Containerterminal-Unternehmen betrieben. Diese Terminalbetreiber erhalten von den staatlichen Hafenverwaltungsgesellschaften langfristige Konzessionen f\u00fcr den Containerumschlag (z.B. 40 Jahre) und zahlen f\u00fcr die Nutzung der Terminalfl\u00e4che ein sehr niedrige Pacht.[1] Die Terminalbetreiber m\u00fcssen in die f\u00fcr den Containerumschlag notwendige bewegliche Ausr\u00fcstung , z.B. die &hellip; <a href=\"https:\/\/www.hamburg-fuer-die-elbe.de\/?page_id=1156\" class=\"more-link\"><span class=\"screen-reader-text\">Containerterminals<\/span> weiterlesen <span class=\"meta-nav\">&rarr;<\/span><\/a><\/p>\n","protected":false},"author":2,"featured_media":0,"parent":1099,"menu_order":3,"comment_status":"closed","ping_status":"closed","template":"","meta":{"footnotes":""},"_links":{"self":[{"href":"https:\/\/www.hamburg-fuer-die-elbe.de\/index.php?rest_route=\/wp\/v2\/pages\/1156"}],"collection":[{"href":"https:\/\/www.hamburg-fuer-die-elbe.de\/index.php?rest_route=\/wp\/v2\/pages"}],"about":[{"href":"https:\/\/www.hamburg-fuer-die-elbe.de\/index.php?rest_route=\/wp\/v2\/types\/page"}],"author":[{"embeddable":true,"href":"https:\/\/www.hamburg-fuer-die-elbe.de\/index.php?rest_route=\/wp\/v2\/users\/2"}],"replies":[{"embeddable":true,"href":"https:\/\/www.hamburg-fuer-die-elbe.de\/index.php?rest_route=%2Fwp%2Fv2%2Fcomments&post=1156"}],"version-history":[{"count":25,"href":"https:\/\/www.hamburg-fuer-die-elbe.de\/index.php?rest_route=\/wp\/v2\/pages\/1156\/revisions"}],"predecessor-version":[{"id":6172,"href":"https:\/\/www.hamburg-fuer-die-elbe.de\/index.php?rest_route=\/wp\/v2\/pages\/1156\/revisions\/6172"}],"up":[{"embeddable":true,"href":"https:\/\/www.hamburg-fuer-die-elbe.de\/index.php?rest_route=\/wp\/v2\/pages\/1099"}],"wp:attachment":[{"href":"https:\/\/www.hamburg-fuer-die-elbe.de\/index.php?rest_route=%2Fwp%2Fv2%2Fmedia&parent=1156"}],"curies":[{"name":"wp","href":"https:\/\/api.w.org\/{rel}","templated":true}]}}