{"id":1438,"date":"2014-03-08T11:32:01","date_gmt":"2014-03-08T09:32:01","guid":{"rendered":"http:\/\/www.hamburg-fuer-die-elbe.de\/?page_id=1438"},"modified":"2015-07-05T15:20:38","modified_gmt":"2015-07-05T14:20:38","slug":"150-000-jobs-in-gefahr","status":"publish","type":"page","link":"https:\/\/www.hamburg-fuer-die-elbe.de\/?page_id=1438","title":{"rendered":"150.000 Jobs in Gefahr?"},"content":{"rendered":"<figure id=\"attachment_3336\" aria-describedby=\"caption-attachment-3336\" style=\"width: 245px\" class=\"wp-caption alignright\"><a href=\"https:\/\/www.hamburg-fuer-die-elbe.de\/wordpress\/wp-content\/uploads\/2014\/03\/HafenarbeiterHPA.jpg\" target=\"_blank\"><img loading=\"lazy\" decoding=\"async\" class=\" wp-image-3336\" src=\"https:\/\/www.hamburg-fuer-die-elbe.de\/wordpress\/wp-content\/uploads\/2014\/03\/HafenarbeiterHPA.jpg\" alt=\"HafenarbeiterHPA\" width=\"245\" height=\"482\" \/><\/a><figcaption id=\"caption-attachment-3336\" class=\"wp-caption-text\">Skulptur am HPA-Haupteingang<\/figcaption><\/figure>\n<p>In der Planbegr\u00fcndung zur 9. Elbvertiefung wird behauptet, dass diese <strong>hochrentabel<\/strong> f\u00fcr die Region Norddeutschland sei und ohne deren Umsetzung<strong> Gefahr f\u00fcr 150.000 Arbeitspl\u00e4tze<\/strong> in der Metropolregion Hamburg bestehen w\u00fcrde. Untermauert werden diese beiden Behauptungen regelm\u00e4\u00dfig mit exorbitanten Prognosen f\u00fcr den Containerumschlag im Hamburger Hafen, die dem sogenannten Planco-Gutachten entnommen werden.<\/p>\n<p>Bislang haben sich nur wenige sachkundige Menschen mit einer kritischen Hinterfragung dieser Behauptungen und deren Basis, dem Planco-Gutachten, in der \u00d6ffentlichkeit ge\u00e4u\u00dfert. Herr Dr. Olaf Specht ist einer dieser wenigen Menschen, die sich damit besch\u00e4ftigen. Er hat sich mit fundierten \u00f6konomischen Sachverstand vor Kurzem zu den Arbeitsplatz-Behauptungen und den Wirtschaftlichkeits-Prognosen in einem Fachbeitrag ge\u00e4u\u00dfert.<\/p>\n<p>Wir bedanken uns bei Herrn Dr. Olaf Specht, dass wir diesen aktuellen Fachbeitrag &#8220;<a href=\"https:\/\/www.hamburg-fuer-die-elbe.de\/wordpress\/wp-content\/uploads\/2014\/03\/bi-final-specht-dina4.pdf\" target=\"_blank\">Elbvertiefung &#8211; Hochrentabel?-150.000 Jobs in Gefahr<\/a>&#8221; als Gastbeitrag auf unserer Internetseite ver\u00f6ffentlichen d\u00fcrfen.<\/p>\n","protected":false},"excerpt":{"rendered":"<p>In der Planbegr\u00fcndung zur 9. Elbvertiefung wird behauptet, dass diese hochrentabel f\u00fcr die Region Norddeutschland sei und ohne deren Umsetzung Gefahr f\u00fcr 150.000 Arbeitspl\u00e4tze in der Metropolregion Hamburg bestehen w\u00fcrde. Untermauert werden diese beiden Behauptungen regelm\u00e4\u00dfig mit exorbitanten Prognosen f\u00fcr den Containerumschlag im Hamburger Hafen, die dem sogenannten Planco-Gutachten entnommen werden. Bislang haben sich nur &hellip; <a href=\"https:\/\/www.hamburg-fuer-die-elbe.de\/?page_id=1438\" class=\"more-link\"><span class=\"screen-reader-text\">150.000 Jobs in Gefahr?<\/span> weiterlesen <span class=\"meta-nav\">&rarr;<\/span><\/a><\/p>\n","protected":false},"author":2,"featured_media":0,"parent":557,"menu_order":1,"comment_status":"closed","ping_status":"closed","template":"","meta":{"footnotes":""},"_links":{"self":[{"href":"https:\/\/www.hamburg-fuer-die-elbe.de\/index.php?rest_route=\/wp\/v2\/pages\/1438"}],"collection":[{"href":"https:\/\/www.hamburg-fuer-die-elbe.de\/index.php?rest_route=\/wp\/v2\/pages"}],"about":[{"href":"https:\/\/www.hamburg-fuer-die-elbe.de\/index.php?rest_route=\/wp\/v2\/types\/page"}],"author":[{"embeddable":true,"href":"https:\/\/www.hamburg-fuer-die-elbe.de\/index.php?rest_route=\/wp\/v2\/users\/2"}],"replies":[{"embeddable":true,"href":"https:\/\/www.hamburg-fuer-die-elbe.de\/index.php?rest_route=%2Fwp%2Fv2%2Fcomments&post=1438"}],"version-history":[{"count":9,"href":"https:\/\/www.hamburg-fuer-die-elbe.de\/index.php?rest_route=\/wp\/v2\/pages\/1438\/revisions"}],"predecessor-version":[{"id":7161,"href":"https:\/\/www.hamburg-fuer-die-elbe.de\/index.php?rest_route=\/wp\/v2\/pages\/1438\/revisions\/7161"}],"up":[{"embeddable":true,"href":"https:\/\/www.hamburg-fuer-die-elbe.de\/index.php?rest_route=\/wp\/v2\/pages\/557"}],"wp:attachment":[{"href":"https:\/\/www.hamburg-fuer-die-elbe.de\/index.php?rest_route=%2Fwp%2Fv2%2Fmedia&parent=1438"}],"curies":[{"name":"wp","href":"https:\/\/api.w.org\/{rel}","templated":true}]}}