{"id":193,"date":"2013-10-13T14:41:47","date_gmt":"2013-10-13T12:41:47","guid":{"rendered":"http:\/\/www.hamburg-fuer-die-elbe.de\/?page_id=193"},"modified":"2015-09-05T15:54:22","modified_gmt":"2015-09-05T14:54:22","slug":"sofortmassnahme-obstbau","status":"publish","type":"page","link":"https:\/\/www.hamburg-fuer-die-elbe.de\/?page_id=193","title":{"rendered":"Ma\u00dfnahme Obstbau"},"content":{"rendered":"<p>F\u00fcr die Obstanbaufl\u00e4chen in den drei Meilen des Alten Landes werden um die Bl\u00fctezeit f\u00fcr die Frostschutzberegnung gro\u00dfe Mengen S\u00fc\u00dfwassers ben\u00f6tigt. Dieses Wasser wird seit Jahrzehnten der Elbe und ihren Nebenfl\u00fcssen entnommen.\u00a0 Aufgrund von <a href=\"https:\/\/www.hamburg-fuer-die-elbe.de\/wordpress\/wp-content\/uploads\/2013\/10\/Obstbau.jpg\"><img loading=\"lazy\" decoding=\"async\" class=\" wp-image-2878 alignright\" src=\"https:\/\/www.hamburg-fuer-die-elbe.de\/wordpress\/wp-content\/uploads\/2013\/10\/Obstbau-234x300.jpg\" alt=\"Obstbau\" width=\"211\" height=\"270\" srcset=\"https:\/\/www.hamburg-fuer-die-elbe.de\/wordpress\/wp-content\/uploads\/2013\/10\/Obstbau-234x300.jpg 234w, https:\/\/www.hamburg-fuer-die-elbe.de\/wordpress\/wp-content\/uploads\/2013\/10\/Obstbau-800x1024.jpg 800w, https:\/\/www.hamburg-fuer-die-elbe.de\/wordpress\/wp-content\/uploads\/2013\/10\/Obstbau-900x1150.jpg 900w\" sizes=\"(max-width: 211px) 100vw, 211px\" \/><\/a>Klimaver\u00e4nderungen<a title=\"\" href=\"#_ftn1\">[1]<\/a> (fr\u00fchere Bl\u00fctezeit und l\u00e4ngerer Frost) und der Vergr\u00f6\u00dferung der Beregnungsfl\u00e4chen ist der Bedarf an geeignetem Beregnungswasser in den letzten Jahren deutlich gestiegen. Mit der weiteren Elbvertiefung wird erneut eine weitere Verlagerung der Brackwasserzone elb\u00adaufw\u00e4rts stattfinden. F\u00fcr die Qualit\u00e4t des Elbwassers bef\u00fcrchten die Obstbauern, dass die Salinit\u00e4t des Elbwassers derart zunimmt, dass eine Frostschutzbereg\u00adnung nicht mehr m\u00f6glich sein wird. Dann ist die Existenz des gr\u00f6\u00dften geschlossenen Obstbaugebiet der Welt gef\u00e4hrdet. Des Weiteren wird im Kehdinger Deichvorland bef\u00fcrchtet, dass die Viehtr\u00e4nke durch Brackwasser nicht mehr gew\u00e4hrleistet ist.<\/p>\n<p>In einem Vertrag<a title=\"\" href=\"#_ftn2\">[2]<\/a> haben sich Hamburg und der Bund gegen\u00fcber dem Wasserbereitstellungsverband Niederelbe verpflichtet, \u201edie Kosten f\u00fcr die Schaffung von Stauraum von Beregnungswasser in Kehdingen und dem Alten Land sowie anteilige Kosten eines Zuw\u00e4sserungsgrabens aus der Schwinge und eine optimierte Tr\u00e4nkewasserversorgung in Kehdingen\u201c durch eine Zahlung von 19.950.000 \u20ac als Sofortma\u00dfnahme zu \u00fcbernehmen. Aus dem Vertrag entstehen weitere Kosten f\u00fcr Beweissicherungsma\u00dfnahmen, zus\u00e4tzliche Schutzauflagen und -mechanismen. Hamburg tr\u00e4gt den gr\u00f6\u00dferen Teil der Sofortzahlung. Zuk\u00fcnftige Haftungsrisiken liegen beim Bund.<a title=\"\" href=\"#_ftn3\">[3]<\/a><\/p>\n<p>&nbsp;<\/p>\n<p><strong>Kosten<\/strong>\u00a0\u00a0\u00a0\u00a0\u00a0\u00a0\u00a0\u00a0\u00a0\u00a0\u00a0 \u00a0 \u00a0 \u00a0 \u00a0 \u00a0 \u00a0 \u00a0 \u00a0 \u00a0 \u00a0 \u00a0 \u00a0 \u00a0 \u00a0 \u00a0 \u00a0 \u00a0 \u00a0 \u00a0 \u00a0 \u00a0 \u00a0 \u00a0 \u00a0\u00a0\u00a0\u00a0\u00a0\u00a0\u00a0\u00a0 Hamburger Anteil\u00a0\u00a0\u00a0\u00a0\u00a0\u00a0\u00a0\u00a0\u00a0\u00a0\u00a0\u00a0\u00a0\u00a0\u00a0\u00a0\u00a0\u00a0\u00a0\u00a0\u00a0\u00a0\u00a0\u00a0\u00a0\u00a0\u00a0\u00a0\u00a0\u00a0\u00a0\u00a0\u00a0\u00a0 Bundesanteil<br \/>\nSofortzahlung aus Vertrag 2012 \u00a0\u00a0\u00a0\u00a0\u00a0\u00a0\u00a0\u00a0\u00a0\u00a0\u00a0\u00a0\u00a0\u00a0\u00a0\u00a0\u00a0\u00a0\u00a0\u00a0\u00a0\u00a0\u00a0\u00a0\u00a0 13.996.000 \u20ac\u00a0<a title=\"\" href=\"#_ftn3\">[3]<\/a>\u00a0 \u00a0 \u00a0\u00a0\u00a0\u00a0\u00a0\u00a0\u00a0\u00a0\u00a0\u00a0\u00a0\u00a0\u00a0\u00a0\u00a0\u00a0\u00a0\u00a0\u00a0\u00a0\u00a0\u00a0\u00a0\u00a0\u00a0 \u00a0\u00a0 5.954.000 \u20ac <a title=\"\" href=\"#_ftn3\">[3]<\/a><br \/>\nKosten 2014\u00a0\u00a0\u00a0\u00a0\u00a0\u00a0\u00a0\u00a0\u00a0\u00a0\u00a0\u00a0\u00a0\u00a0\u00a0\u00a0\u00a0\u00a0\u00a0\u00a0\u00a0\u00a0\u00a0\u00a0\u00a0\u00a0\u00a0\u00a0\u00a0\u00a0\u00a0\u00a0\u00a0\u00a0\u00a0\u00a0\u00a0\u00a0\u00a0\u00a0\u00a0\u00a0\u00a0\u00a0\u00a0\u00a0\u00a0\u00a0\u00a0\u00a0\u00a0\u00a0\u00a0\u00a0\u00a0\u00a0\u00a0\u00a0\u00a0\u00a0\u00a0\u00a0\u00a0\u00a0\u00a0 13.996.000 \u20ac\u00a0<a href=\"#_ftn4\">[4]<\/a>\u00a0\u00a0\u00a0\u00a0\u00a0\u00a0\u00a0\u00a0\u00a0\u00a0\u00a0\u00a0\u00a0\u00a0\u00a0\u00a0\u00a0\u00a0\u00a0\u00a0\u00a0\u00a0\u00a0\u00a0\u00a0\u00a0\u00a0\u00a0\u00a0 \u00a0\u00a0 5.954.000 \u20ac<\/p>\n<div>\n<p>Lesen Sie weiter zu den Bauma\u00dfnahmen am <a href=\"https:\/\/www.hamburg-fuer-die-elbe.de\/?page_id=198\" target=\"_blank\">-&gt; D\u00fcker Hetlingen<\/a><\/p>\n<hr align=\"left\" size=\"1\" width=\"33%\" \/>\n<div>\n<p><a title=\"\" href=\"#_ftnref1\">[1]<\/a> Klimzug-Nord: <a href=\" http:\/\/klimzug-nord.de\/file.php\/2011-05-24-Teilprojekt-1.2-Zwischenstand-Mai-2011\" target=\"_blank\">\u201eGrundwasserbeeintr\u00e4chtigungen durch Klimawandel im gezeitenbeeinflussten Elbegebiet\u201c<\/a>, Mai 2011<br \/>\n<a title=\"\" href=\"#_ftnref2\">[2]<\/a> \u201eVertrag zur einvernehmlichen Regelung der landeskulturellen Belange zur Wahrung der Interessen des nieders\u00e4chsischen Obstbaus und der Viehwirtschaft im Zusammenhang mit dem Vorhaben \u201eFahrrinnenanpassung der Unter- und Au\u00dfenelbe\u2026\u201c durch Schutz vor Salzgehalten in der Elbe und Nebengew\u00e4ssern\u201c vom 3. April 2012, siehe auch Frankfurter Allgemeine Zeitung , &#8220;<a href=\"http:\/\/www.faz.net\/aktuell\/wirtschaft\/unternehmen\/umstrittenes-verkehrsprojekt-die-apfelbluete-und-die-elbvertiefung-11707145.html\" target=\"_blank\">Die Apfelbl\u00fcte und die Elbvertiefung<\/a>&#8220;,\u00a0 vom 03.04.2012<a title=\"\" href=\"#_ftnref3\"><br \/>\n<\/a><a href=\"#_ftnref3\">[3]<\/a> Hamburgische B\u00fcrgerschaft, Schriftliche kleine Anfrage: \u201eElbvertiefung-zus\u00e4tzliche Kosten aus Einvernehmensverhandlung\u201c, <a href=\"#_ftnref3\">Drucksache 20\/3736<br \/>\n[4]<\/a> Hamburgische B\u00fcrgerschaft, Schriftliche kleine Anfrage: \u201eElbvertiefung &#8211; Kosten\u201c, <a href=\"https:\/\/www.buergerschaft-hh.de\/ParlDok\/dokument\/45632\/elbvertiefung-%E2%80%93-kosten.pdf\" target=\"_blank\" class=\"broken_link\">Drucksache 20\/12347<\/a>, hier Frage 16<\/p>\n<\/div>\n<\/div>\n","protected":false},"excerpt":{"rendered":"<p>F\u00fcr die Obstanbaufl\u00e4chen in den drei Meilen des Alten Landes werden um die Bl\u00fctezeit f\u00fcr die Frostschutzberegnung gro\u00dfe Mengen S\u00fc\u00dfwassers ben\u00f6tigt. Dieses Wasser wird seit Jahrzehnten der Elbe und ihren Nebenfl\u00fcssen entnommen.\u00a0 Aufgrund von Klimaver\u00e4nderungen[1] (fr\u00fchere Bl\u00fctezeit und l\u00e4ngerer Frost) und der Vergr\u00f6\u00dferung der Beregnungsfl\u00e4chen ist der Bedarf an geeignetem Beregnungswasser in den letzten Jahren &hellip; <a href=\"https:\/\/www.hamburg-fuer-die-elbe.de\/?page_id=193\" class=\"more-link\"><span class=\"screen-reader-text\">Ma\u00dfnahme Obstbau<\/span> weiterlesen <span class=\"meta-nav\">&rarr;<\/span><\/a><\/p>\n","protected":false},"author":2,"featured_media":0,"parent":86,"menu_order":9,"comment_status":"closed","ping_status":"closed","template":"","meta":{"footnotes":""},"_links":{"self":[{"href":"https:\/\/www.hamburg-fuer-die-elbe.de\/index.php?rest_route=\/wp\/v2\/pages\/193"}],"collection":[{"href":"https:\/\/www.hamburg-fuer-die-elbe.de\/index.php?rest_route=\/wp\/v2\/pages"}],"about":[{"href":"https:\/\/www.hamburg-fuer-die-elbe.de\/index.php?rest_route=\/wp\/v2\/types\/page"}],"author":[{"embeddable":true,"href":"https:\/\/www.hamburg-fuer-die-elbe.de\/index.php?rest_route=\/wp\/v2\/users\/2"}],"replies":[{"embeddable":true,"href":"https:\/\/www.hamburg-fuer-die-elbe.de\/index.php?rest_route=%2Fwp%2Fv2%2Fcomments&post=193"}],"version-history":[{"count":14,"href":"https:\/\/www.hamburg-fuer-die-elbe.de\/index.php?rest_route=\/wp\/v2\/pages\/193\/revisions"}],"predecessor-version":[{"id":7553,"href":"https:\/\/www.hamburg-fuer-die-elbe.de\/index.php?rest_route=\/wp\/v2\/pages\/193\/revisions\/7553"}],"up":[{"embeddable":true,"href":"https:\/\/www.hamburg-fuer-die-elbe.de\/index.php?rest_route=\/wp\/v2\/pages\/86"}],"wp:attachment":[{"href":"https:\/\/www.hamburg-fuer-die-elbe.de\/index.php?rest_route=%2Fwp%2Fv2%2Fmedia&parent=193"}],"curies":[{"name":"wp","href":"https:\/\/api.w.org\/{rel}","templated":true}]}}