{"id":2880,"date":"2014-09-09T20:23:36","date_gmt":"2014-09-09T19:23:36","guid":{"rendered":"http:\/\/www.hamburg-fuer-die-elbe.de\/?page_id=2880"},"modified":"2016-09-14T08:30:00","modified_gmt":"2016-09-14T07:30:00","slug":"ostevertrag","status":"publish","type":"page","link":"https:\/\/www.hamburg-fuer-die-elbe.de\/?page_id=2880","title":{"rendered":"Ostevertrag"},"content":{"rendered":"<p><a href=\"https:\/\/www.hamburg-fuer-die-elbe.de\/wordpress\/wp-content\/uploads\/2014\/09\/Ostevertrag21.jpg\" target=\"_blank\"><img loading=\"lazy\" decoding=\"async\" class=\"alignleft wp-image-3985 size-medium\" src=\"https:\/\/www.hamburg-fuer-die-elbe.de\/wordpress\/wp-content\/uploads\/2014\/09\/Ostevertrag21-125x300.jpg\" alt=\"Ostevertrag2\" width=\"125\" height=\"300\" srcset=\"https:\/\/www.hamburg-fuer-die-elbe.de\/wordpress\/wp-content\/uploads\/2014\/09\/Ostevertrag21-125x300.jpg 125w, https:\/\/www.hamburg-fuer-die-elbe.de\/wordpress\/wp-content\/uploads\/2014\/09\/Ostevertrag21-427x1024.jpg 427w, https:\/\/www.hamburg-fuer-die-elbe.de\/wordpress\/wp-content\/uploads\/2014\/09\/Ostevertrag21.jpg 533w\" sizes=\"(max-width: 125px) 100vw, 125px\" \/><\/a>In den Verhandlungen zur Erlangung des Einvernehmens zwischen dem Bund und dem Land Hamburg einerseits und den Anrainerl\u00e4ndern Niedersachsen und Schleswig-Holstein andererseits zur geplanten 9. Elbvertiefung war zwischen 2008 und 2009 die Deichsicherheit ein zentrales Thema.<\/p>\n<p>Die f\u00fcr die Sicherheit der Deiche und des Deichvorlandes zust\u00e4ndigen Anrainerl\u00e4nder bef\u00fcrchteten durch die 9. Elbvertiefung Sch\u00e4den an den Deichen, die f\u00fcr Schleswig-Holstein und Niedersachsen zus\u00e4tzliche finanzielle Belastungen f\u00fcr die Wiederherstellung der Deichsicherheit bedeutet h\u00e4tten.<\/p>\n<p>In nicht-\u00f6ffentlichen Verhandlungen wurden zwischen dem Bund und jedem Anrainerland jeweils eigene Vertr\u00e4ge mit dem Titel &#8220;<strong>Vereinbarung \u00fcber die Unterhaltung der Sicherungs- und Schutzwerke bzw. unbefestigten Vorlandes der Deiches der Elbe<\/strong>&#8221; geschlossen. Inhalt dieser Vertr\u00e4ge ist, dass der Bund sich verpflichtet, &#8220;die Unterhaltung der Sicherungs- und Schutzwerke und der unbefestigten Vorlandbereiche auf der genannten Elbstrecke zu \u00fcbernehmen&#8221;. Jedes Bundesland hat f\u00fcr seine Bereiche der Tideelbe, also jeweils rechts und links von Hamburg, zum Teil unter Einbeziehung der zust\u00e4ndigen Deichverb\u00e4nde, einen Vertrag geschlossen. In Schleswig-Holstein wurde die Vereinbarung in 2008 (siehe Bilder Seite 5)<a href=\"#_ftn1\">[1]<\/a>, in Niedersachsen in 2009 geschlossen.<\/p>\n<p>Die Vertr\u00e4ge sind geheim, d.h. nicht \u00f6ffentlich zug\u00e4nglich. In Niedersachsen jedoch wurde ein weiterer Deal geschlossen, der parlamentarisch \u00f6ffentlich wurde: der Ostevertrag. Mit der \u00dcbernahme der Unterhaltungsverantwortung f\u00fcr die nieders\u00e4chsischen Elbdeiche wollte der Bund in einem Kompensationsgesch\u00e4ft die Verantwortung f\u00fcr die Bundeswasserstra\u00dfe Oste (u.a. Tiefen<a href=\"https:\/\/www.hamburg-fuer-die-elbe.de\/wordpress\/wp-content\/uploads\/2014\/09\/Ostevertrag1.jpg\" target=\"_blank\"><img loading=\"lazy\" decoding=\"async\" class=\"alignright wp-image-3986 size-medium\" src=\"https:\/\/www.hamburg-fuer-die-elbe.de\/wordpress\/wp-content\/uploads\/2014\/09\/Ostevertrag1-300x168.jpg\" alt=\"Ostevertrag\" width=\"300\" height=\"168\" srcset=\"https:\/\/www.hamburg-fuer-die-elbe.de\/wordpress\/wp-content\/uploads\/2014\/09\/Ostevertrag1-300x168.jpg 300w, https:\/\/www.hamburg-fuer-die-elbe.de\/wordpress\/wp-content\/uploads\/2014\/09\/Ostevertrag1-1024x576.jpg 1024w, https:\/\/www.hamburg-fuer-die-elbe.de\/wordpress\/wp-content\/uploads\/2014\/09\/Ostevertrag1-900x506.jpg 900w, https:\/\/www.hamburg-fuer-die-elbe.de\/wordpress\/wp-content\/uploads\/2014\/09\/Ostevertrag1.jpg 1217w\" sizes=\"(max-width: 300px) 100vw, 300px\" \/><\/a>haltung f\u00fcr die Berufsschifffahrt) an das Land Niedersachsen abgeben.<\/p>\n<p>\u00d6ffentlich wurde dieser Ostedeal Anfang 2009 durch eine Dringliche Anfrage im Nieders\u00e4chsichen Landtag, die von dem damaligen Umweltminister Sander im Plenum\u00a0 beantwortet wurde. <a href=\"#_ftn2\">[2] <\/a>Im April 2009 mussten aufgrund der Haushaltsrelevanz der Deichunterhaltungsvertrag samt Ostedeal dem Parlament zur Beschlussfassung mit einem Antrag des Umweltministers vorgelegt werden.<a href=\"#_ftn3\">[3]<\/a><\/p>\n<p>Mit diesem Vertrag waren Einnahmen f\u00fcr Niedersachsen durch eine Abl\u00f6sezahlung des Bundes von 11.000.000 Euro verbunden, die in Anlage 1 unter \u00a7 7 ersichtlich ist.<a href=\"#_ftn3\">[3]<\/a> Die H\u00f6he dieses Betrages ist den Kalkulationen der Landesregierung aus Anlage 2 zu entnehmen.<a href=\"#_ftn3\">[3]<\/a><\/p>\n<p>Das der Betrag geflossen ist, k\u00f6nnen wir dem Bundeshaushalt 2011, pdf-Seite 1415, Spalte 5 entnehmen.<\/p>\n<p><strong>Kosten f\u00fcr den Bund<\/strong><br \/>\nStand 2011:\u00a0\u00a0\u00a0\u00a0\u00a0\u00a0\u00a0\u00a0\u00a0\u00a0\u00a0\u00a0\u00a0\u00a0\u00a0\u00a0\u00a0\u00a0\u00a0\u00a0\u00a0\u00a0\u00a0\u00a0\u00a0 11.000.000 \u20ac <a href=\"#_ftn3\">[3] <\/a><a href=\"#_ftn4\">[4]<\/a><br \/>\nStand 2013:\u00a0\u00a0\u00a0\u00a0\u00a0\u00a0\u00a0\u00a0\u00a0\u00a0\u00a0\u00a0\u00a0\u00a0\u00a0\u00a0\u00a0 \u00a0 \u00a0\u00a0\u00a0\u00a0\u00a0 11.000.000 \u20ac <a href=\"#_ftn3\">[3] <\/a><a href=\"#_ftn4\">[4]<\/a><br \/>\nStand 2014:\u00a0\u00a0\u00a0\u00a0\u00a0\u00a0\u00a0\u00a0\u00a0\u00a0\u00a0\u00a0\u00a0\u00a0\u00a0\u00a0\u00a0\u00a0\u00a0\u00a0\u00a0\u00a0\u00a0\u00a0\u00a0 11.000.000 \u20ac <a href=\"#_ftn3\">[3] <\/a><a href=\"#_ftn4\">[4]<\/a><\/p>\n<div>\n<div>Lesen Sie jetzt weiter, wie sich die &#8211;<a href=\"https:\/\/www.hamburg-fuer-die-elbe.de\/?page_id=239\">&gt;Hafenerweiterungsma\u00dfnahmen<\/a> in Hamburg entwickeln.<\/div>\n<div>\n<hr align=\"left\" size=\"1\" width=\"33%\" \/>\n<div>\n<p><a href=\"#_ftnref1\">[1] <\/a>&#8220;<a href=\"http:\/\/vzb.baw.de\/publikationen\/kolloquien\/0\/5_Gaetje_Ufersicherung_an_der_Tideelbe.pdf\" target=\"_blank\">Ufersicherungen an der Tideelbe<\/a>&#8220;, Bettina G\u00e4tje und Ruben Cordes, BAW Kolloquium &#8211; Ufersicherungen an Seeschifffahrts- und Binnenwasserstra\u00dfen, 29.08.2013, Seite 4<a href=\"https:\/\/www.buergerschaft-hh.de\/ParlDok\/dokument\/35841\/elbvertiefung-%e2%80%93-kosten.pdf\" class=\"broken_link\"><br \/>\n<\/a><a href=\"#_ftnref2\">[2]<\/a> Nieders\u00e4chsischer Landtag, Dringliche Anfrage: \u201eVerkauft die Landesregierung die Interessen Niedersachsens an der Elbe?\u201c, <a href=\"https:\/\/www.google.de\/url?sa=t&amp;rct=j&amp;q=&amp;esrc=s&amp;source=web&amp;cd=1&amp;cad=rja&amp;uact=8&amp;ved=0ahUKEwjfz-eYqerLAhUIng4KHceQBoMQFggkMAA&amp;url=http%3A%2F%2Fwww.landtag-niedersachsen.de%2Fdrucksachen%2Fdrucksachen_16_2500%2F1001-1500%2F16-1180.pdf&amp;usg=AFQjCNH6x9fN9AeAdrXQwfEKg1NlUXywZA\" target=\"_blank\">Drucksache 16\/0831<\/a> und Antwort in 28. Plenarsitzung vom 15.01.2009, Protokoll, <a href=\"http:\/\/www.landtag-niedersachsen.de\/ps\/tools\/download.php?file=\/ltnds\/live\/cms\/dms\/psfile\/docfile\/40\/16_00284b31fb5e48b0d.pdf&amp;name=16-0028.pdf&amp;disposition=attachment\" target=\"_blank\">Drucksache 16\/28, Seite 3.235<\/a>.<br \/>\n<a href=\"#_ftnref3\">[<\/a><a href=\"#_ftnref3\">3]<\/a> Nieders\u00e4chsischer Landtag, Antrag &#8220;Ma\u00dfnahme von finanzieller Bedeutung f\u00fcr den Einzelplan 15; Zustimmung gem\u00e4\u00df \u00a7 40 Abs. 2 LHO zur \u00dcbernahme der Unterhaltungspflicht f\u00fcr die Oste durch das Land&#8221; samt Anlagen, <a href=\"https:\/\/www.google.de\/url?sa=t&amp;rct=j&amp;q=&amp;esrc=s&amp;source=web&amp;cd=1&amp;cad=rja&amp;uact=8&amp;ved=0ahUKEwjFj7apqerLAhWBRg8KHa7WDDsQFggkMAA&amp;url=http%3A%2F%2Fwww.landtag-niedersachsen.de%2Fdrucksachen%2Fdrucksachen_16_2500%2F1001-1500%2F16-1177.pdf&amp;usg=AFQjCNG75lCyexjfGErDppdPYXdEARYDhQ\" target=\"_blank\">Drucksache 16\/1177<\/a><br \/>\n<a href=\"#_ftnref3\">[<\/a><a href=\"#_ftnref4\">4]<\/a> Bundesministerium f\u00fcr Finanzen, Haushalts- und Finanzpl\u00e4ne ab 2006, &#8220;<a title=\"\u00d6ffnet Download von 'Bundeshaushaltsplan 2011 (Gesamtdatei)' im neuen Fenster (Datei ist nicht barrierefrei)\" href=\"http:\/\/dip21.bundestag.de\/dip21\/btd\/17\/025\/1702500.pdf\" target=\"_blank\">Bundeshaushaltsplan 2011 (Einzelplan 12)\u00a0(PDF)<\/a>&#8220;, hier Anlage 1, Bauma\u00dfnahmen an Bundeswassserstra\u00dfen, Titel 1203, Spalte 5 auf Seite 68<\/p>\n<\/div>\n<\/div>\n<\/div>\n","protected":false},"excerpt":{"rendered":"<p>In den Verhandlungen zur Erlangung des Einvernehmens zwischen dem Bund und dem Land Hamburg einerseits und den Anrainerl\u00e4ndern Niedersachsen und Schleswig-Holstein andererseits zur geplanten 9. Elbvertiefung war zwischen 2008 und 2009 die Deichsicherheit ein zentrales Thema. Die f\u00fcr die Sicherheit der Deiche und des Deichvorlandes zust\u00e4ndigen Anrainerl\u00e4nder bef\u00fcrchteten durch die 9. Elbvertiefung Sch\u00e4den an den &hellip; <a href=\"https:\/\/www.hamburg-fuer-die-elbe.de\/?page_id=2880\" class=\"more-link\"><span class=\"screen-reader-text\">Ostevertrag<\/span> weiterlesen <span class=\"meta-nav\">&rarr;<\/span><\/a><\/p>\n","protected":false},"author":2,"featured_media":0,"parent":0,"menu_order":0,"comment_status":"closed","ping_status":"closed","template":"","meta":{"footnotes":""},"_links":{"self":[{"href":"https:\/\/www.hamburg-fuer-die-elbe.de\/index.php?rest_route=\/wp\/v2\/pages\/2880"}],"collection":[{"href":"https:\/\/www.hamburg-fuer-die-elbe.de\/index.php?rest_route=\/wp\/v2\/pages"}],"about":[{"href":"https:\/\/www.hamburg-fuer-die-elbe.de\/index.php?rest_route=\/wp\/v2\/types\/page"}],"author":[{"embeddable":true,"href":"https:\/\/www.hamburg-fuer-die-elbe.de\/index.php?rest_route=\/wp\/v2\/users\/2"}],"replies":[{"embeddable":true,"href":"https:\/\/www.hamburg-fuer-die-elbe.de\/index.php?rest_route=%2Fwp%2Fv2%2Fcomments&post=2880"}],"version-history":[{"count":29,"href":"https:\/\/www.hamburg-fuer-die-elbe.de\/index.php?rest_route=\/wp\/v2\/pages\/2880\/revisions"}],"predecessor-version":[{"id":9887,"href":"https:\/\/www.hamburg-fuer-die-elbe.de\/index.php?rest_route=\/wp\/v2\/pages\/2880\/revisions\/9887"}],"wp:attachment":[{"href":"https:\/\/www.hamburg-fuer-die-elbe.de\/index.php?rest_route=%2Fwp%2Fv2%2Fmedia&parent=2880"}],"curies":[{"name":"wp","href":"https:\/\/api.w.org\/{rel}","templated":true}]}}

<p><a href="https://www.hamburg-fuer-die-elbe.de/wordpress/wp-content/uploads/2014/09/Ostevertrag21.jpg" target="_blank"><img loading="lazy" decoding="async" class="alignleft wp-image-3985 size-medium" src="https://www.hamburg-fuer-die-elbe.de/wordpress/wp-content/uploads/2014/09/Ostevertrag21-125x300.jpg" alt="Ostevertrag2" width="125" height="300" srcset="https://www.hamburg-fuer-die-elbe.de/wordpress/wp-content/uploads/2014/09/Ostevertrag21-125x300.jpg 125w, https://www.hamburg-fuer-die-elbe.de/wordpress/wp-content/uploads/2014/09/Ostevertrag21-427x1024.jpg 427w, https://www.hamburg-fuer-die-elbe.de/wordpress/wp-content/uploads/2014/09/Ostevertrag21.jpg 533w" sizes="(max-width: 125px) 100vw, 125px" /></a>In den Verhandlungen zur Erlangung des Einvernehmens zwischen dem Bund und dem Land Hamburg einerseits und den Anrainerländern Niedersachsen und Schleswig-Holstein andererseits zur geplanten 9. Elbvertiefung war zwischen 2008 und 2009 die Deichsicherheit ein zentrales Thema.</p>
<p>Die für die Sicherheit der Deiche und des Deichvorlandes zuständigen Anrainerländer befürchteten durch die 9. Elbvertiefung Schäden an den Deichen, die für Schleswig-Holstein und Niedersachsen zusätzliche finanzielle Belastungen für die Wiederherstellung der Deichsicherheit bedeutet hätten.</p>
<p>In nicht-öffentlichen Verhandlungen wurden zwischen dem Bund und jedem Anrainerland jeweils eigene Verträge mit dem Titel &#8220;<strong>Vereinbarung über die Unterhaltung der Sicherungs- und Schutzwerke bzw. unbefestigten Vorlandes der Deiches der Elbe</strong>&#8221; geschlossen. Inhalt dieser Verträge ist, dass der Bund sich verpflichtet, &#8220;die Unterhaltung der Sicherungs- und Schutzwerke und der unbefestigten Vorlandbereiche auf der genannten Elbstrecke zu übernehmen&#8221;. Jedes Bundesland hat für seine Bereiche der Tideelbe, also jeweils rechts und links von Hamburg, zum Teil unter Einbeziehung der zuständigen Deichverbände, einen Vertrag geschlossen. In Schleswig-Holstein wurde die Vereinbarung in 2008 (siehe Bilder Seite 5)<a href="#_ftn1">[1]</a>, in Niedersachsen in 2009 geschlossen.</p>
<p>Die Verträge sind geheim, d.h. nicht öffentlich zugänglich. In Niedersachsen jedoch wurde ein weiterer Deal geschlossen, der parlamentarisch öffentlich wurde: der Ostevertrag. Mit der Übernahme der Unterhaltungsverantwortung für die niedersächsischen Elbdeiche wollte der Bund in einem Kompensationsgeschäft die Verantwortung für die Bundeswasserstraße Oste (u.a. Tiefen<a href="https://www.hamburg-fuer-die-elbe.de/wordpress/wp-content/uploads/2014/09/Ostevertrag1.jpg" target="_blank"><img loading="lazy" decoding="async" class="alignright wp-image-3986 size-medium" src="https://www.hamburg-fuer-die-elbe.de/wordpress/wp-content/uploads/2014/09/Ostevertrag1-300x168.jpg" alt="Ostevertrag" width="300" height="168" srcset="https://www.hamburg-fuer-die-elbe.de/wordpress/wp-content/uploads/2014/09/Ostevertrag1-300x168.jpg 300w, https://www.hamburg-fuer-die-elbe.de/wordpress/wp-content/uploads/2014/09/Ostevertrag1-1024x576.jpg 1024w, https://www.hamburg-fuer-die-elbe.de/wordpress/wp-content/uploads/2014/09/Ostevertrag1-900x506.jpg 900w, https://www.hamburg-fuer-die-elbe.de/wordpress/wp-content/uploads/2014/09/Ostevertrag1.jpg 1217w" sizes="(max-width: 300px) 100vw, 300px" /></a>haltung für die Berufsschifffahrt) an das Land Niedersachsen abgeben.</p>
<p>Öffentlich wurde dieser Ostedeal Anfang 2009 durch eine Dringliche Anfrage im Niedersächsichen Landtag, die von dem damaligen Umweltminister Sander im Plenum  beantwortet wurde. <a href="#_ftn2">[2] </a>Im April 2009 mussten aufgrund der Haushaltsrelevanz der Deichunterhaltungsvertrag samt Ostedeal dem Parlament zur Beschlussfassung mit einem Antrag des Umweltministers vorgelegt werden.<a href="#_ftn3">[3]</a></p>
<p>Mit diesem Vertrag waren Einnahmen für Niedersachsen durch eine Ablösezahlung des Bundes von 11.000.000 Euro verbunden, die in Anlage 1 unter § 7 ersichtlich ist.<a href="#_ftn3">[3]</a> Die Höhe dieses Betrages ist den Kalkulationen der Landesregierung aus Anlage 2 zu entnehmen.<a href="#_ftn3">[3]</a></p>
<p>Das der Betrag geflossen ist, können wir dem Bundeshaushalt 2011, pdf-Seite 1415, Spalte 5 entnehmen.</p>
<p><strong>Kosten für den Bund</strong><br />
Stand 2011:                          11.000.000 € <a href="#_ftn3">[3] </a><a href="#_ftn4">[4]</a><br />
Stand 2013:                          11.000.000 € <a href="#_ftn3">[3] </a><a href="#_ftn4">[4]</a><br />
Stand 2014:                          11.000.000 € <a href="#_ftn3">[3] </a><a href="#_ftn4">[4]</a></p>
<div>
<div>Lesen Sie jetzt weiter, wie sich die &#8211;<a href="https://www.hamburg-fuer-die-elbe.de/?page_id=239">&gt;Hafenerweiterungsmaßnahmen</a> in Hamburg entwickeln.</div>
<div>
<hr align="left" size="1" width="33%" />
<div>
<p><a href="#_ftnref1">[1] </a>&#8220;<a href="http://vzb.baw.de/publikationen/kolloquien/0/5_Gaetje_Ufersicherung_an_der_Tideelbe.pdf" target="_blank">Ufersicherungen an der Tideelbe</a>&#8220;, Bettina Gätje und Ruben Cordes, BAW Kolloquium &#8211; Ufersicherungen an Seeschifffahrts- und Binnenwasserstraßen, 29.08.2013, Seite 4<a href="https://www.buergerschaft-hh.de/ParlDok/dokument/35841/elbvertiefung-%e2%80%93-kosten.pdf" class="broken_link"><br />
</a><a href="#_ftnref2">[2]</a> Niedersächsischer Landtag, Dringliche Anfrage: „Verkauft die Landesregierung die Interessen Niedersachsens an der Elbe?“, <a href="https://www.google.de/url?sa=t&amp;rct=j&amp;q=&amp;esrc=s&amp;source=web&amp;cd=1&amp;cad=rja&amp;uact=8&amp;ved=0ahUKEwjfz-eYqerLAhUIng4KHceQBoMQFggkMAA&amp;url=http%3A%2F%2Fwww.landtag-niedersachsen.de%2Fdrucksachen%2Fdrucksachen_16_2500%2F1001-1500%2F16-1180.pdf&amp;usg=AFQjCNH6x9fN9AeAdrXQwfEKg1NlUXywZA" target="_blank">Drucksache 16/0831</a> und Antwort in 28. Plenarsitzung vom 15.01.2009, Protokoll, <a href="http://www.landtag-niedersachsen.de/ps/tools/download.php?file=/ltnds/live/cms/dms/psfile/docfile/40/16_00284b31fb5e48b0d.pdf&amp;name=16-0028.pdf&amp;disposition=attachment" target="_blank">Drucksache 16/28, Seite 3.235</a>.<br />
<a href="#_ftnref3">[</a><a href="#_ftnref3">3]</a> Niedersächsischer Landtag, Antrag &#8220;Maßnahme von finanzieller Bedeutung für den Einzelplan 15; Zustimmung gemäß § 40 Abs. 2 LHO zur Übernahme der Unterhaltungspflicht für die Oste durch das Land&#8221; samt Anlagen, <a href="https://www.google.de/url?sa=t&amp;rct=j&amp;q=&amp;esrc=s&amp;source=web&amp;cd=1&amp;cad=rja&amp;uact=8&amp;ved=0ahUKEwjFj7apqerLAhWBRg8KHa7WDDsQFggkMAA&amp;url=http%3A%2F%2Fwww.landtag-niedersachsen.de%2Fdrucksachen%2Fdrucksachen_16_2500%2F1001-1500%2F16-1177.pdf&amp;usg=AFQjCNG75lCyexjfGErDppdPYXdEARYDhQ" target="_blank">Drucksache 16/1177</a><br />
<a href="#_ftnref3">[</a><a href="#_ftnref4">4]</a> Bundesministerium für Finanzen, Haushalts- und Finanzpläne ab 2006, &#8220;<a title="Öffnet Download von 'Bundeshaushaltsplan 2011 (Gesamtdatei)' im neuen Fenster (Datei ist nicht barrierefrei)" href="http://dip21.bundestag.de/dip21/btd/17/025/1702500.pdf" target="_blank">Bundeshaushaltsplan 2011 (Einzelplan 12) (PDF)</a>&#8220;, hier Anlage 1, Baumaßnahmen an Bundeswassserstraßen, Titel 1203, Spalte 5 auf Seite 68</p>
</div>
</div>
</div>

<p>In den Verhandlungen zur Erlangung des Einvernehmens zwischen dem Bund und dem Land Hamburg einerseits und den Anrainerländern Niedersachsen und Schleswig-Holstein andererseits zur geplanten 9. Elbvertiefung war zwischen 2008 und 2009 die Deichsicherheit ein zentrales Thema. Die für die Sicherheit der Deiche und des Deichvorlandes zuständigen Anrainerländer befürchteten durch die 9. Elbvertiefung Schäden an den &hellip; <a href="https://www.hamburg-fuer-die-elbe.de/?page_id=2880" class="more-link"><span class="screen-reader-text">Ostevertrag</span> weiterlesen <span class="meta-nav">&rarr;</span></a></p>
