{"id":290,"date":"2013-10-19T10:47:56","date_gmt":"2013-10-19T08:47:56","guid":{"rendered":"http:\/\/www.hamburg-fuer-die-elbe.de\/?page_id=290"},"modified":"2015-04-03T17:46:12","modified_gmt":"2015-04-03T16:46:12","slug":"altenwerder-logistik","status":"publish","type":"page","link":"https:\/\/www.hamburg-fuer-die-elbe.de\/?page_id=290","title":{"rendered":"Altenwerder Logistik"},"content":{"rendered":"<p>Im Rahmen des Projektes Altenwerder soll als Teilprojekt das ca. 45 ha gro\u00dfe Projektgebiet \u201eAltenwerder West\u201c, welches zwischen den Hamburger Aluminiumwerken und der Alten S\u00fcderelbe liegt, in das Hafennutzungsgebiet \u00fcberf\u00fchrt und f\u00fcr Hafenzwecke hergerichtet werden. Unter Hafenzwecken werden insbesondere Fl\u00e4chen f\u00fcr die Neuansiedlungen von Logistikunternehmen verstanden. <a href=\"#_ftnref1\">[1]<\/a><\/p>\n<p>Das Teilprojekt ist um 2007 &#8211; auch mit dem Namen &#8220;Altenwerder West&#8221; &#8211; in die umfangreichen Erweiterungsplanungen f\u00fcr Altenwerder aufgenommen worden. Es wird seit 2012 nicht mehr aktiv verfolgt.<a href=\"#_ftnref2\">[2]<\/a> Es ist jedoch zu erwarten, dass die Planungen kurzfristig wieder aufgenommen werden k\u00f6nnen. Das Teilprojekt &#8220;Altenwerder Logistik&#8221; bleibt daher mit einem geringen Ansatz in der Kosten\u00fcbersicht.<\/p>\n<p><strong>Kosten<\/strong><br \/>\nStand 2010:\u00a0\u00a0\u00a0 \u00a0 \u00a0 \u00a0 \u00a0 \u00a0 \u00a0 \u00a0 \u00a0 \u00a0 \u00a0 \u00a0 \u00a0 \u00a0 \u00a0 \u00a0 \u00a0 \u00a0 \u00a0 \u00a0 \u00a0 \u00a0 \u00a0 \u00a0\u00a0 \u00a0\u00a0\u00a0\u00a0\u00a0\u00a0\u00a0\u00a0\u00a0\u00a0\u00a0\u00a0\u00a0\u00a0\u00a0\u00a0\u00a0\u00a0\u00a0\u00a0\u00a0\u00a0\u00a0\u00a0\u00a0\u00a0 k.A.<br \/>\nStand 2011: keine aktive Verfolgung<br \/>\nStand 2013: eigene Sch\u00e4tzung\u00a0\u00a0\u00a0\u00a0\u00a0\u00a0\u00a0\u00a0\u00a0\u00a0\u00a0\u00a0\u00a0\u00a0\u00a0\u00a0\u00a0\u00a0\u00a0\u00a0 \u00a0 \u00a0 \u00a0 \u00a0\u00a0 20.000.000 \u20ac<\/p>\n<p>Lesen Sie weiter bei der <a href=\"https:\/\/www.hamburg-fuer-die-elbe.de\/?page_id=294\">-&gt; CTA Erweiterung<\/a><\/p>\n<hr align=\"left\" size=\"1\" width=\"33%\" \/>\n<p><a title=\"\" href=\"https:\/\/www.hamburg-fuer-die-elbe.de\/?page_id=271#_ftnref1\">[1]\u00a0 <\/a>Hamburgische B\u00fcrgerschaft, Protokoll des Unterausschusses f\u00fcr Verm\u00f6gen und \u00f6ffentliche Unternehmen vom 27.08.2010, <a href=\"https:\/\/www.buergerschaft-hh.de\/ParlDok\/dokument\/31173\/protokoll-der-%c3%b6ffentlichen-sitzung-des-unterausschusses-verm%c3%b6gen-und-%c3%b6ffentliche-unternehmen.pdf\" target=\"_blank\" class=\"broken_link\">Drucksache 19\/0012<\/a>, hier Anlage 1, Nummer 4a<br \/>\n<a title=\"\" href=\"https:\/\/www.hamburg-fuer-die-elbe.de\/?page_id=271#_ftnref2\">[2]<\/a>\u00a0 Hamburgische B\u00fcrgerschaft, Protokoll des Ausschusses f\u00fcr \u00f6ffentliche Unternehmen vom 03.11.2011, <a href=\"https:\/\/www.buergerschaft-hh.de\/ParlDok\/dokument\/35326\/protokoll-der-%c3%b6ffentlichen-sitzung-des-ausschusses-%c3%b6ffentliche-unternehmen.pdf\" target=\"_blank\" class=\"broken_link\">Drucksache 20\/0005<\/a>, hier Anlage 2 (Seite 2)<\/p>\n","protected":false},"excerpt":{"rendered":"<p>Im Rahmen des Projektes Altenwerder soll als Teilprojekt das ca. 45 ha gro\u00dfe Projektgebiet \u201eAltenwerder West\u201c, welches zwischen den Hamburger Aluminiumwerken und der Alten S\u00fcderelbe liegt, in das Hafennutzungsgebiet \u00fcberf\u00fchrt und f\u00fcr Hafenzwecke hergerichtet werden. Unter Hafenzwecken werden insbesondere Fl\u00e4chen f\u00fcr die Neuansiedlungen von Logistikunternehmen verstanden. [1] Das Teilprojekt ist um 2007 &#8211; auch mit &hellip; <a href=\"https:\/\/www.hamburg-fuer-die-elbe.de\/?page_id=290\" class=\"more-link\"><span class=\"screen-reader-text\">Altenwerder Logistik<\/span> weiterlesen <span class=\"meta-nav\">&rarr;<\/span><\/a><\/p>\n","protected":false},"author":2,"featured_media":0,"parent":239,"menu_order":5,"comment_status":"closed","ping_status":"closed","template":"","meta":{"footnotes":""},"_links":{"self":[{"href":"https:\/\/www.hamburg-fuer-die-elbe.de\/index.php?rest_route=\/wp\/v2\/pages\/290"}],"collection":[{"href":"https:\/\/www.hamburg-fuer-die-elbe.de\/index.php?rest_route=\/wp\/v2\/pages"}],"about":[{"href":"https:\/\/www.hamburg-fuer-die-elbe.de\/index.php?rest_route=\/wp\/v2\/types\/page"}],"author":[{"embeddable":true,"href":"https:\/\/www.hamburg-fuer-die-elbe.de\/index.php?rest_route=\/wp\/v2\/users\/2"}],"replies":[{"embeddable":true,"href":"https:\/\/www.hamburg-fuer-die-elbe.de\/index.php?rest_route=%2Fwp%2Fv2%2Fcomments&post=290"}],"version-history":[{"count":10,"href":"https:\/\/www.hamburg-fuer-die-elbe.de\/index.php?rest_route=\/wp\/v2\/pages\/290\/revisions"}],"predecessor-version":[{"id":5753,"href":"https:\/\/www.hamburg-fuer-die-elbe.de\/index.php?rest_route=\/wp\/v2\/pages\/290\/revisions\/5753"}],"up":[{"embeddable":true,"href":"https:\/\/www.hamburg-fuer-die-elbe.de\/index.php?rest_route=\/wp\/v2\/pages\/239"}],"wp:attachment":[{"href":"https:\/\/www.hamburg-fuer-die-elbe.de\/index.php?rest_route=%2Fwp%2Fv2%2Fmedia&parent=290"}],"curies":[{"name":"wp","href":"https:\/\/api.w.org\/{rel}","templated":true}]}}