{"id":299,"date":"2013-10-19T12:50:57","date_gmt":"2013-10-19T10:50:57","guid":{"rendered":"http:\/\/www.hamburg-fuer-die-elbe.de\/?page_id=299"},"modified":"2016-12-04T20:01:52","modified_gmt":"2016-12-04T18:01:52","slug":"bahnprojekte","status":"publish","type":"page","link":"https:\/\/www.hamburg-fuer-die-elbe.de\/?page_id=299","title":{"rendered":"Bahnprojekte"},"content":{"rendered":"<p>2013.Die Bahnprojekte gliedern sich in Netz-Ma\u00dfnahmen der Hafenbahn, Eigentum der HPA, und Ma\u00dfnahmen der Deutschen Bahn (DB). Beide Bahnen m\u00fcssen ihre Netze mit einander abstimmen, um die prognostizierten Containermengen bew\u00e4ltigen zu k\u00f6nnen. Diese Abstimmung erfolgte \u00fcber den \u201eMasterplan Hafenbahn 2015\u201c zwischen DB und HPA. Der Masterplan Hafenbahn 2015 geht von einer Verdoppelung des Verkehrsaufkommens von 200 auf 400 Z\u00fcge pro Tag aus: \u201eDas erwartete Wachstum im Schieneng\u00fcterverkehr erfordert erhebliche Anpassungsma\u00dfnahmen in der Kapazit\u00e4t der Umschlagterminals im Hafen, der Hafenbahn, der Verkn\u00fcpfung der Hafenbahn mit dem Netz der DB AG und im Bereich der DB AG (Knoten Hamburg und Zu-\/Ablaufstrecken).\u201c <a title=\"\" href=\"#_ftn1\">[1]<\/a><\/p>\n<p>Beim Thema Bahnprojekte erscheint es zun\u00e4chst \u00fcberraschend, welche Auswirkungen ein Umschlagswachstum im Hamburger Hafen auf die Belastung von Bahntrassen hat, die zum Teil geographisch weit entfernt vom Hamburger Hafen liegen. Bereits die jetzige Umschlagsleistung des Hamburger Hafens bringt, wie in den nachfolgenden Kapiteln dargestellt, die Bahn an die Grenze der Kapazit\u00e4ten. Jedes Umschlagswachstum im Hamburger Hafen zieht somit unmittelbar einen erheblichen Investitionsbedarf in den Trassenausbau. Zum Einstieg seien zwei Zitate angef\u00fchrt:<\/p>\n<p>\u201eNach dem aktuell g\u00fcltigen Bundesverkehrswegeplan wird f\u00fcr die Prognose 2025 der Gesamtmarkt mit einem Wachstum von durchschnittlich 2,6 % pro Jahr gesehen, das hei\u00dft, der Gesamtmarkt w\u00e4chst ungef\u00e4hr um gut 70 Prozent, die Schiene dabei leider leicht unterproportional mit 2,4 % pro Jahr und Stra\u00dfe mit 2,8 % pro Jahr. Ein gro\u00dfes Thema ist dabei, und das ist besonders hier f\u00fcr den Standort Hamburg ein elementares Thema: Der Intermodalverkehr toppt alles, weil die Prognosen f\u00fcr den Intermodalverkehr, f\u00fcr den kombinierten Verkehr, bei rund 129 % liegen f\u00fcr den Zeitraum bis 2025.\u201c <a title=\"\" href=\"#_ftn2\">[2]<\/a><\/p>\n<p>und<\/p>\n<p>\u201eF\u00fcr uns und f\u00fcr den Hafen Hamburg ist der sogenannte Korridor Ost, Ostkorridor, ein ganz wichtiges Thema, um genau die Hauptabfuhrstrecke \u00fcber Hannover-G\u00f6ttingen zu entlasten. Daf\u00fcr sind auch Ma\u00dfnahmen im S\u00fcden der Republik notwendig, also man mag bitte auch die Elektrifizierung in Reichenbach-Hof-Regensburg als Bestandteil des Seehafenhinterlandverkehres bitte mit aufnehmen, auch wenn es weit weg ist. Aber wenn ich bedenke, dass rund 70 % der Verkehre im Schieneng\u00fcterverkehr inzwischen internationale Verkehre sind und gerade S\u00fcd-S\u00fcd-Ost f\u00fcr uns hier in Hamburg eine ganz wichtige Achse, ist auch die Elektrifizierung in Reichenbach-Hof als Bypass f\u00fcr die Hauptabfuhrstrecke ein wichtiges Projekt.\u201c <a title=\"\" href=\"#_ftn3\">[3]<\/a> <a href=\"#_ftn4\">[4]<\/a><\/p>\n<p>F\u00fcr die Gesamtkosten im unmittelbaren Zusammenhang mit dem Themenschwerpunkt \u201eBahnprojekte\u201c ergibt sich ein Betrag von 3.416.062.000 \u20ac.<\/p>\n<table border=\"0\" width=\"606\" cellspacing=\"0\" cellpadding=\"0\">\n<tbody>\n<tr>\n<td valign=\"bottom\" nowrap=\"nowrap\" width=\"89\"><\/td>\n<td valign=\"bottom\" nowrap=\"nowrap\" width=\"129\"><\/td>\n<td style=\"text-align: right;\" valign=\"bottom\" nowrap=\"nowrap\" width=\"180\">Gesamtkosten<\/td>\n<td style=\"text-align: right;\" valign=\"bottom\" nowrap=\"nowrap\" width=\"208\">Hamburger Anteil<\/td>\n<\/tr>\n<tr>\n<td valign=\"bottom\" nowrap=\"nowrap\" width=\"89\"><b>Ma\u00dfnahmen<\/b><\/td>\n<td style=\"text-align: right;\" valign=\"bottom\" nowrap=\"nowrap\" width=\"129\"><b>Summe<\/b><\/td>\n<td style=\"text-align: right;\" valign=\"bottom\" nowrap=\"nowrap\" width=\"180\"><b>3.449.862.000 \u20ac<\/b><\/td>\n<td style=\"text-align: right;\" valign=\"bottom\" nowrap=\"nowrap\" width=\"208\"><b>740.062.000 \u20ac<\/b><\/td>\n<\/tr>\n<tr>\n<td colspan=\"2\" valign=\"bottom\" nowrap=\"nowrap\" width=\"218\"><a title=\"Ersatzinvestitionen\" href=\"https:\/\/www.hamburg-fuer-die-elbe.de\/?page_id=324\" target=\"_blank\">Ersatzinvestitionen Hafenbahn<\/a><\/td>\n<td style=\"text-align: right;\" valign=\"bottom\" nowrap=\"nowrap\" width=\"180\">131.900.000 \u20ac<\/td>\n<td style=\"text-align: right;\" valign=\"bottom\" nowrap=\"nowrap\" width=\"208\">131.900.000 \u20ac<\/td>\n<\/tr>\n<tr>\n<td colspan=\"2\" valign=\"bottom\" nowrap=\"nowrap\" width=\"218\"><a title=\"Bahnhof Waltershof\" href=\"https:\/\/www.hamburg-fuer-die-elbe.de\/?page_id=329\" target=\"_blank\">Bahnhof Waltershof<\/a><\/td>\n<td style=\"text-align: right;\" valign=\"bottom\" nowrap=\"nowrap\" width=\"180\">64.200.000 \u20ac<\/td>\n<td style=\"text-align: right;\" valign=\"bottom\" nowrap=\"nowrap\" width=\"208\">64.200.000 \u20ac<\/td>\n<\/tr>\n<tr>\n<td colspan=\"2\" valign=\"bottom\" nowrap=\"nowrap\" width=\"218\"><a title=\"Bahnhof Hohe Schaar\" href=\"https:\/\/www.hamburg-fuer-die-elbe.de\/?page_id=334\" target=\"_blank\">Bahnhof Hohe Schaar<\/a><\/td>\n<td style=\"text-align: right;\" valign=\"bottom\" nowrap=\"nowrap\" width=\"180\">43.962.000 \u20ac<\/td>\n<td style=\"text-align: right;\" valign=\"bottom\" nowrap=\"nowrap\" width=\"208\">43.962.000 \u20ac<\/td>\n<\/tr>\n<tr>\n<td colspan=\"2\" valign=\"bottom\" nowrap=\"nowrap\" width=\"218\"><a title=\"Planungen Westhafen\" href=\"https:\/\/www.hamburg-fuer-die-elbe.de\/?page_id=343\" target=\"_blank\">Planungen Westhafen<\/a><\/td>\n<td style=\"text-align: right;\" valign=\"bottom\" nowrap=\"nowrap\" width=\"180\">500.000.000 \u20ac<\/td>\n<td style=\"text-align: right;\" valign=\"bottom\" nowrap=\"nowrap\" width=\"208\">500.000.000 \u20ac<\/td>\n<\/tr>\n<tr>\n<td colspan=\"2\" valign=\"bottom\" nowrap=\"nowrap\" width=\"218\"><a title=\"Knoten Hamburg\" href=\"https:\/\/www.hamburg-fuer-die-elbe.de\/?page_id=353\" target=\"_blank\">Eisenbahnknoten HH<\/a><\/td>\n<td style=\"text-align: right;\" valign=\"bottom\" nowrap=\"nowrap\" width=\"180\">82.800.000 \u20ac<\/td>\n<td style=\"text-align: right;\" valign=\"bottom\" nowrap=\"nowrap\" width=\"208\">\u00a00 \u20ac<\/td>\n<\/tr>\n<tr>\n<td colspan=\"2\" valign=\"bottom\" nowrap=\"nowrap\" width=\"218\"><a title=\"Bahnhof Maschen\" href=\"https:\/\/www.hamburg-fuer-die-elbe.de\/?page_id=365\" target=\"_blank\">Bahnhof Maschen<\/a><\/td>\n<td style=\"text-align: right;\" valign=\"bottom\" nowrap=\"nowrap\" width=\"180\">233.000.000 \u20ac<\/td>\n<td style=\"text-align: right;\" valign=\"bottom\" nowrap=\"nowrap\" width=\"208\">\u00a00 \u20ac<\/td>\n<\/tr>\n<tr>\n<td colspan=\"2\" valign=\"bottom\" nowrap=\"nowrap\" width=\"218\"><a title=\"Drittes Gleis\" href=\"https:\/\/www.hamburg-fuer-die-elbe.de\/?page_id=373\" target=\"_blank\">3. Gleis L\u00fcneburg<\/a><\/td>\n<td style=\"text-align: right;\" valign=\"bottom\" nowrap=\"nowrap\" width=\"180\">294.000.000 \u20ac<\/td>\n<td style=\"text-align: right;\" valign=\"bottom\" nowrap=\"nowrap\" width=\"208\">\u00a00 \u20ac<\/td>\n<\/tr>\n<tr>\n<td valign=\"bottom\" nowrap=\"nowrap\" width=\"89\"><a title=\"Y-Trasse\" href=\"https:\/\/www.hamburg-fuer-die-elbe.de\/?page_id=384\" target=\"_blank\">Y-Trasse<\/a><\/td>\n<td valign=\"bottom\" nowrap=\"nowrap\" width=\"129\"><\/td>\n<td style=\"text-align: right;\" valign=\"bottom\" nowrap=\"nowrap\" width=\"180\">1.600.000.000 \u20ac<\/td>\n<td style=\"text-align: right;\" valign=\"bottom\" nowrap=\"nowrap\" width=\"208\">\u00a00 \u20ac<\/td>\n<\/tr>\n<tr>\n<td colspan=\"2\" valign=\"bottom\" nowrap=\"nowrap\" width=\"218\"><a title=\"Weitere DB-Ausbauten\" href=\"https:\/\/www.hamburg-fuer-die-elbe.de\/?page_id=388\" target=\"_blank\">Weitere DB-Planungen<\/a><\/td>\n<td style=\"text-align: right;\" valign=\"bottom\" nowrap=\"nowrap\" width=\"180\">500.000.000 \u20ac<\/td>\n<td style=\"text-align: right;\" valign=\"bottom\" nowrap=\"nowrap\" width=\"208\">\u00a00 \u20ac<\/td>\n<\/tr>\n<\/tbody>\n<\/table>\n<p>Lesen Sie hier weiter bei den <a href=\"https:\/\/www.hamburg-fuer-die-elbe.de\/?page_id=309\">-&gt; Projekten der Hafenbahn<\/a><\/p>\n<div>\n<hr align=\"left\" size=\"1\" width=\"33%\" \/>\n<div>\n<p><a title=\"\" href=\"#_ftnref1\">[1]<\/a>\u00a0 Hamburgische B\u00fcrgerschaft, Mitteilung des Senats an die B\u00fcrgerschaft: \u201eMasterplan Hafenbahn 2015\u201c, <a title=\"\" href=\"#_ftnref2\">Drucksache 18\/7731<br \/>\n[2]<\/a><a title=\"\" href=\"#_ftnref3\">[3]<\/a> Hamburgische B\u00fcrgerschaft, Protokoll der \u00f6ffentlichen Sitzung des Verkehrsausschusses vom 7.8.2012, <a href=\"https:\/\/www.buergerschaft-hh.de\/ParlDok\/dokument\/37650\/wortprotokoll-protokoll-der-%c3%b6ffentlichen-sitzung-des-verkehrsausschusses.pdf\" target=\"_blank\" class=\"broken_link\">Drucksache 20\/15<\/a>, Ute Plambeck, Deutsche Bahn AG<br \/>\n<a href=\"#_ftnref4\">[4]<\/a> Hamburg Hafen Marketing e.V., &#8220;Kooperationsprojekt &#8220;<a href=\"https:\/\/www.hamburg-fuer-die-elbe.de\/wordpress\/wp-content\/uploads\/2013\/10\/abschlussbericht-zensiert.pdf\">Hafen Hamburg 62+, Vertraulicher Abschlussbericht<\/a>&#8220;, zensierte Version, Hamburg 2013.<br \/>\nDer \u00fcber viele Monate vollst\u00e4ndig auf den Internetseiten von Hamburg Hafen Marketing (HHM) ver\u00f6ffentlichte Bericht musste von uns auf Wunsch von\u00a0HHM mittels Schw\u00e4rzungen zensiert werden. Die unzensierte Version stellen wir Ihnen aber gerne auf Nachfrage zur Verf\u00fcgung.<\/p>\n<\/div>\n<\/div>\n","protected":false},"excerpt":{"rendered":"<p>2013.Die Bahnprojekte gliedern sich in Netz-Ma\u00dfnahmen der Hafenbahn, Eigentum der HPA, und Ma\u00dfnahmen der Deutschen Bahn (DB). Beide Bahnen m\u00fcssen ihre Netze mit einander abstimmen, um die prognostizierten Containermengen bew\u00e4ltigen zu k\u00f6nnen. Diese Abstimmung erfolgte \u00fcber den \u201eMasterplan Hafenbahn 2015\u201c zwischen DB und HPA. Der Masterplan Hafenbahn 2015 geht von einer Verdoppelung des Verkehrsaufkommens von &hellip; <a href=\"https:\/\/www.hamburg-fuer-die-elbe.de\/?page_id=299\" class=\"more-link\"><span class=\"screen-reader-text\">Bahnprojekte<\/span> weiterlesen <span class=\"meta-nav\">&rarr;<\/span><\/a><\/p>\n","protected":false},"author":2,"featured_media":0,"parent":85,"menu_order":1,"comment_status":"closed","ping_status":"closed","template":"","meta":{"footnotes":""},"_links":{"self":[{"href":"https:\/\/www.hamburg-fuer-die-elbe.de\/index.php?rest_route=\/wp\/v2\/pages\/299"}],"collection":[{"href":"https:\/\/www.hamburg-fuer-die-elbe.de\/index.php?rest_route=\/wp\/v2\/pages"}],"about":[{"href":"https:\/\/www.hamburg-fuer-die-elbe.de\/index.php?rest_route=\/wp\/v2\/types\/page"}],"author":[{"embeddable":true,"href":"https:\/\/www.hamburg-fuer-die-elbe.de\/index.php?rest_route=\/wp\/v2\/users\/2"}],"replies":[{"embeddable":true,"href":"https:\/\/www.hamburg-fuer-die-elbe.de\/index.php?rest_route=%2Fwp%2Fv2%2Fcomments&post=299"}],"version-history":[{"count":25,"href":"https:\/\/www.hamburg-fuer-die-elbe.de\/index.php?rest_route=\/wp\/v2\/pages\/299\/revisions"}],"predecessor-version":[{"id":10922,"href":"https:\/\/www.hamburg-fuer-die-elbe.de\/index.php?rest_route=\/wp\/v2\/pages\/299\/revisions\/10922"}],"up":[{"embeddable":true,"href":"https:\/\/www.hamburg-fuer-die-elbe.de\/index.php?rest_route=\/wp\/v2\/pages\/85"}],"wp:attachment":[{"href":"https:\/\/www.hamburg-fuer-die-elbe.de\/index.php?rest_route=%2Fwp%2Fv2%2Fmedia&parent=299"}],"curies":[{"name":"wp","href":"https:\/\/api.w.org\/{rel}","templated":true}]}}