{"id":324,"date":"2013-10-19T14:04:14","date_gmt":"2013-10-19T12:04:14","guid":{"rendered":"http:\/\/www.hamburg-fuer-die-elbe.de\/?page_id=324"},"modified":"2015-05-14T13:58:21","modified_gmt":"2015-05-14T12:58:21","slug":"ersatzinvestitionen-hafenbahn","status":"publish","type":"page","link":"https:\/\/www.hamburg-fuer-die-elbe.de\/?page_id=324","title":{"rendered":"Ersatzinvestitionen"},"content":{"rendered":"<p>Unter dem Teilprojekt &#8220;Ersatzinvestion Hafenbahn&#8221; wird ein umfangreiches Instandsetzungsprogramm an den Hafenbahnanlagen im gesamten Hafengebiet bezeichnet, mit dem Ziel, den Instand\u00adhaltungsr\u00fcckstau zu vermindern und den betriebs\u00adsicheren Zustand zu erhalten. Des Weiteren sollen L\u00e4rm\u00adsanierungsma\u00dfnahmen im Bereich Hausbruch sowie Mo\u00addernisierungen der den Bahntransport unterst\u00fctzenden IT-Systeme durchgef\u00fchrt werden.<\/p>\n<p>Aufgrund der Notwendigkeit hoher Ersatzinvestitionen in den ersten Jahren des Programms wird der Anlagenzustand in 2012 als \u201eauf einem guten Niveau\u201c stehend eingesch\u00e4tzt. Dies f\u00fchrt tempor\u00e4r zu einem geringeren Reinvestitionsbedarf, welcher sich mit steigendem Anlagenalter aber wieder erh\u00f6hen wird.<\/p>\n<p><strong>Kosten<\/strong><br \/>\nStand 2010: \u00a0 \u00a0 \u00a0 \u00a0 \u00a0 \u00a0 \u00a0 \u00a0 \u00a0 \u00a0 \u00a0 \u00a0 \u00a0 \u00a0 \u00a0 \u00a0 \u00a0 \u00a0 \u00a0 \u00a0 \u00a0 \u00a0 \u00a0 \u00a0\u00a0\u00a0\u00a0\u00a0\u00a0\u00a0\u00a0\u00a0\u00a0\u00a0\u00a0\u00a0\u00a0 157.664.000 \u20ac<a title=\"\" href=\"#_ftn1\">[1]<\/a><br \/>\nStand 2011: \u00a0 \u00a0 \u00a0 \u00a0 \u00a0 \u00a0 \u00a0 \u00a0 \u00a0 \u00a0 \u00a0 \u00a0 \u00a0 \u00a0 \u00a0 \u00a0 \u00a0 \u00a0 \u00a0 \u00a0 \u00a0 \u00a0 \u00a0 \u00a0\u00a0\u00a0\u00a0\u00a0\u00a0\u00a0\u00a0\u00a0\u00a0\u00a0\u00a0\u00a0\u00a0 143.400.000 \u20ac<a title=\"\" href=\"#_ftn1\">[2]<\/a><br \/>\nStand 2013: \u00a0 \u00a0 \u00a0 \u00a0 \u00a0 \u00a0 \u00a0 \u00a0 \u00a0 \u00a0 \u00a0 \u00a0 \u00a0 \u00a0 \u00a0 \u00a0 \u00a0 \u00a0 \u00a0 \u00a0 \u00a0 \u00a0 \u00a0 \u00a0\u00a0\u00a0\u00a0\u00a0\u00a0\u00a0\u00a0\u00a0\u00a0\u00a0\u00a0\u00a0\u00a0 131.900.000 \u20ac<a title=\"\" href=\"#_ftn1\">[3]<\/a><\/p>\n<div>Es folgen die Bauma\u00dfnahmen am <a href=\"https:\/\/www.hamburg-fuer-die-elbe.de\/?page_id=329\">-&gt; Hafenbahnhof Waltershof<\/a><br clear=\"all\" \/><\/p>\n<hr align=\"left\" size=\"1\" width=\"33%\" \/>\n<div>\n<p><a href=\"#_ftnref1\">[1]<\/a> Hamburgische B\u00fcrgerschaft, Protokoll des Unterausschusses f\u00fcr Verm\u00f6gen und \u00f6ffentliche Unternehmen vom 27.08.2010, <a href=\"https:\/\/www.buergerschaft-hh.de\/ParlDok\/dokument\/31173\/protokoll-der-%c3%b6ffentlichen-sitzung-des-unterausschusses-verm%c3%b6gen-und-%c3%b6ffentliche-unternehmen.pdf\" target=\"_blank\" class=\"broken_link\">Drucksache 19\/0012<\/a>, hier Anlage 1, Nummer 10<br \/>\n<a href=\"#_ftnref2\">[2]<\/a> Hamburgische B\u00fcrgerschaft, Protokoll des Ausschusses f\u00fcr \u00f6ffentliche Unternehmen vom 03.11.2011, <a href=\"https:\/\/www.buergerschaft-hh.de\/ParlDok\/dokument\/35326\/protokoll-der-%c3%b6ffentlichen-sitzung-des-ausschusses-%c3%b6ffentliche-unternehmen.pdf\" target=\"_blank\" class=\"broken_link\">Drucksache 20\/0005<\/a>, hier Anlage 3<br \/>\n<a title=\"\" href=\"#_ftnref1\">[3]<\/a> Hamburgische B\u00fcrgerschaft, Schriftliche kleine Anfrage: &#8220;Stand der Hafeninfrastrukturma\u00dfnahme &#8220;Ersatzinvestition Hafenbahn-Bauprogramm&#8221;&#8221;, <a href=\"https:\/\/www.buergerschaft-hh.de\/ParlDok\/dokument\/39843\/stand-der-hafeninfrastrukturma%c3%9fnahmen-%e2%80%9eersatzinvestition-hafenbahn-%e2%80%93-bauprogramm%e2%80%9c.pdf\" target=\"_blank\" class=\"broken_link\">Drucksache 20\/7017<\/a><\/p>\n<\/div>\n<\/div>\n","protected":false},"excerpt":{"rendered":"<p>Unter dem Teilprojekt &#8220;Ersatzinvestion Hafenbahn&#8221; wird ein umfangreiches Instandsetzungsprogramm an den Hafenbahnanlagen im gesamten Hafengebiet bezeichnet, mit dem Ziel, den Instand\u00adhaltungsr\u00fcckstau zu vermindern und den betriebs\u00adsicheren Zustand zu erhalten. Des Weiteren sollen L\u00e4rm\u00adsanierungsma\u00dfnahmen im Bereich Hausbruch sowie Mo\u00addernisierungen der den Bahntransport unterst\u00fctzenden IT-Systeme durchgef\u00fchrt werden. Aufgrund der Notwendigkeit hoher Ersatzinvestitionen in den ersten Jahren des &hellip; <a href=\"https:\/\/www.hamburg-fuer-die-elbe.de\/?page_id=324\" class=\"more-link\"><span class=\"screen-reader-text\">Ersatzinvestitionen<\/span> weiterlesen <span class=\"meta-nav\">&rarr;<\/span><\/a><\/p>\n","protected":false},"author":2,"featured_media":0,"parent":309,"menu_order":1,"comment_status":"closed","ping_status":"closed","template":"","meta":{"footnotes":""},"_links":{"self":[{"href":"https:\/\/www.hamburg-fuer-die-elbe.de\/index.php?rest_route=\/wp\/v2\/pages\/324"}],"collection":[{"href":"https:\/\/www.hamburg-fuer-die-elbe.de\/index.php?rest_route=\/wp\/v2\/pages"}],"about":[{"href":"https:\/\/www.hamburg-fuer-die-elbe.de\/index.php?rest_route=\/wp\/v2\/types\/page"}],"author":[{"embeddable":true,"href":"https:\/\/www.hamburg-fuer-die-elbe.de\/index.php?rest_route=\/wp\/v2\/users\/2"}],"replies":[{"embeddable":true,"href":"https:\/\/www.hamburg-fuer-die-elbe.de\/index.php?rest_route=%2Fwp%2Fv2%2Fcomments&post=324"}],"version-history":[{"count":12,"href":"https:\/\/www.hamburg-fuer-die-elbe.de\/index.php?rest_route=\/wp\/v2\/pages\/324\/revisions"}],"predecessor-version":[{"id":6486,"href":"https:\/\/www.hamburg-fuer-die-elbe.de\/index.php?rest_route=\/wp\/v2\/pages\/324\/revisions\/6486"}],"up":[{"embeddable":true,"href":"https:\/\/www.hamburg-fuer-die-elbe.de\/index.php?rest_route=\/wp\/v2\/pages\/309"}],"wp:attachment":[{"href":"https:\/\/www.hamburg-fuer-die-elbe.de\/index.php?rest_route=%2Fwp%2Fv2%2Fmedia&parent=324"}],"curies":[{"name":"wp","href":"https:\/\/api.w.org\/{rel}","templated":true}]}}