{"id":570,"date":"2013-11-03T09:56:12","date_gmt":"2013-11-03T07:56:12","guid":{"rendered":"http:\/\/www.hamburg-fuer-die-elbe.de\/?page_id=570"},"modified":"2014-11-12T21:59:10","modified_gmt":"2014-11-12T20:59:10","slug":"hamburger-entwicklung","status":"publish","type":"page","link":"https:\/\/www.hamburg-fuer-die-elbe.de\/?page_id=570","title":{"rendered":"Hamburger Entwicklung"},"content":{"rendered":"<p>Der Hamburger Hafen ist seit vielen Jahrhunderten das Herzst\u00fcck der Politik aller Hamburger Regierungen. Die Hamburger Hafenpolitik war dabei nur sich selbst bzw. dem pers\u00f6nlichen wirtschaftlichen Erfolg der politisch Handelnden verpflichtet. Ob diese Politik um den Hafen dem Wohl der Bev\u00f6lkerung diente, stand zu keiner Zeit im Fokus.<\/p>\n<p>Dieses Merkmal der hamburgischen Politik zieht sich wie ein roter Faden durch die Hamburgische Geschichte und erkl\u00e4rt viele unverantwortliche Entscheidungen des Hamburger Senates. Stellvertretend sei die Hamburger Cholera-Epedemie von 1892 erw\u00e4hnt. <a title=\"\" href=\"#_ftn1\">[1]<\/a> <a href=\"#_ftn2\">[2]<\/a><\/p>\n<p>Im folgenden werden drei Entscheidungen des Hamburger Senats f\u00fcr die Entwicklung des Hamburger Hafens kurz erl\u00e4utert, die aufzeigen, wie diese r\u00fccksichtslose Politik funktioniert.<\/p>\n<p>Lesen Sie weiter zur Hamburger Entwicklung <a href=\"https:\/\/www.hamburg-fuer-die-elbe.de\/?page_id=572\">-&gt; Zollverein und Freihafen<\/a><\/p>\n<div>\n<hr align=\"left\" size=\"1\" width=\"33%\" \/>\n<div>\n<p><a href=\"https:\/\/www.hamburg-fuer-die-elbe.de\/?page_id=572\">[1] Ein Besuch des Hamburg-Museums verschafft einen pr\u00e4genden Eindruck zum Umgang des Senates mit der Cholera. Sonst Informationen hier, hier und hier.<\/a><br \/>\n<a href=\"https:\/\/www.hamburg-fuer-die-elbe.de\/?page_id=572\">[2] Bauverein der Elbgemeinden eG, &#8220;Unsere Geschichte&#8221;, Abs\u00e4tze 1 bis 3, auf http:\/\/www.bve.de\/\u00fcber-den-bve\/unsere-geschichte\/<\/a><\/p>\n<\/div>\n<\/div>\n","protected":false},"excerpt":{"rendered":"<p>Der Hamburger Hafen ist seit vielen Jahrhunderten das Herzst\u00fcck der Politik aller Hamburger Regierungen. Die Hamburger Hafenpolitik war dabei nur sich selbst bzw. dem pers\u00f6nlichen wirtschaftlichen Erfolg der politisch Handelnden verpflichtet. Ob diese Politik um den Hafen dem Wohl der Bev\u00f6lkerung diente, stand zu keiner Zeit im Fokus. Dieses Merkmal der hamburgischen Politik zieht sich &hellip; <a href=\"https:\/\/www.hamburg-fuer-die-elbe.de\/?page_id=570\" class=\"more-link\"><span class=\"screen-reader-text\">Hamburger Entwicklung<\/span> weiterlesen <span class=\"meta-nav\">&rarr;<\/span><\/a><\/p>\n","protected":false},"author":2,"featured_media":0,"parent":557,"menu_order":2,"comment_status":"closed","ping_status":"closed","template":"","meta":{"footnotes":""},"_links":{"self":[{"href":"https:\/\/www.hamburg-fuer-die-elbe.de\/index.php?rest_route=\/wp\/v2\/pages\/570"}],"collection":[{"href":"https:\/\/www.hamburg-fuer-die-elbe.de\/index.php?rest_route=\/wp\/v2\/pages"}],"about":[{"href":"https:\/\/www.hamburg-fuer-die-elbe.de\/index.php?rest_route=\/wp\/v2\/types\/page"}],"author":[{"embeddable":true,"href":"https:\/\/www.hamburg-fuer-die-elbe.de\/index.php?rest_route=\/wp\/v2\/users\/2"}],"replies":[{"embeddable":true,"href":"https:\/\/www.hamburg-fuer-die-elbe.de\/index.php?rest_route=%2Fwp%2Fv2%2Fcomments&post=570"}],"version-history":[{"count":5,"href":"https:\/\/www.hamburg-fuer-die-elbe.de\/index.php?rest_route=\/wp\/v2\/pages\/570\/revisions"}],"predecessor-version":[{"id":3830,"href":"https:\/\/www.hamburg-fuer-die-elbe.de\/index.php?rest_route=\/wp\/v2\/pages\/570\/revisions\/3830"}],"up":[{"embeddable":true,"href":"https:\/\/www.hamburg-fuer-die-elbe.de\/index.php?rest_route=\/wp\/v2\/pages\/557"}],"wp:attachment":[{"href":"https:\/\/www.hamburg-fuer-die-elbe.de\/index.php?rest_route=%2Fwp%2Fv2%2Fmedia&parent=570"}],"curies":[{"name":"wp","href":"https:\/\/api.w.org\/{rel}","templated":true}]}}