{"id":7155,"date":"2015-07-05T15:00:26","date_gmt":"2015-07-05T14:00:26","guid":{"rendered":"http:\/\/www.hamburg-fuer-die-elbe.de\/?page_id=7155"},"modified":"2019-03-08T13:55:41","modified_gmt":"2019-03-08T11:55:41","slug":"potenzialprognose","status":"publish","type":"page","link":"https:\/\/www.hamburg-fuer-die-elbe.de\/?page_id=7155","title":{"rendered":"Potenzialprognose"},"content":{"rendered":"<p>Im Anschluss an die Weltfinanzkrise im Jahre 2009, deren Auswirkungen auf den Containerumschlag in der <a href=\"https:\/\/www.hamburg-fuer-die-elbe.de\/?page_id=7137\">Umschlagsprognosen <\/a>f\u00fcr den Bundesverkehrswegeplan unber\u00fccksichtigt blieben, hat die Stadt Hamburg \u00fcber die HPA beim ISL ihre eigene Prognose in Auftrag gegeben. Diese erhielt zur Abgrenzung den Titel &#8220;<strong>Umschlagpotenzialprognose<\/strong>&#8221;<\/p>\n<p>Die erstmals in 2010 ver\u00f6ffentlichte Prognose wird seitdem regelm\u00e4\u00dfig aktualisiert. Die vom Instititut f\u00fcr Seeverkehrswirtschaft und Logisitik erstellten Prognosen stehen nachfolgend zum Download bereit.<\/p>\n<p><strong>2010<\/strong>: &#8220;<a href=\"https:\/\/www.kuestendaten.de\/media\/zdm\/kuestendaten\/publikationen\/Datencontainer\/P\/14_Potenzialprognose_Endbericht_ISL.pdf\" target=\"_blank\" rel=\"noopener\">Prognose des Umschlagpotenzials des Hamburger Hafens f\u00fcr die Jahre 2015, 2020 und 2025<\/a>&#8220;, Bremen 2010<\/p>\n<p><strong>2013<\/strong>: &#8220;<a href=\"https:\/\/www.hamburg-fuer-die-elbe.de\/wordpress\/wp-content\/uploads\/2019\/03\/ISL-Potentialprognose-2013.pdf\" target=\"_blank\" rel=\"noopener\">Containerumschlagpotenzial Hafen Hamburg Neujustierung des Prognosekorridors unter Ber\u00fccksichtigung aktueller Entwicklungen<\/a>&#8220;, Bremen 2013<\/p>\n<p><strong>2015<\/strong>: &#8220;<a href=\"https:\/\/www.hamburg-port-authority.de\/fileadmin\/user_upload\/Endbericht_Potenzialprognose_Mai2015_5.pdf\" target=\"_blank\" rel=\"noopener\">Prognose des Umschlagpotenzials und des Modal Splits des Hamburger Hafens f\u00fcr die Jahre 2020, 2025 und 2030<\/a><a href=\"http:\/\/www.google.de\/url?sa=t&amp;rct=j&amp;q=&amp;esrc=s&amp;source=web&amp;cd=1&amp;cad=rja&amp;uact=8&amp;ved=0CCQQFjAA&amp;url=http%3A%2F%2Fwww.hamburg-port-authority.de%2Fde%2Fpresse%2Fstudien-und-berichte%2FDocuments%2FEndbericht_Potenzialprognose_Mai2015_5.pdf&amp;ei=5DeZVdG_Mof-ygO2sYLQAg&amp;usg=AFQjCNEw6yjIKfnOC9LmJCffBldfuyjurw&amp;bvm=bv.96952980,d.bGQ\" target=\"_blank\" rel=\"noopener\"> &#8211; Band 1: Umschlagpotenzialprognose<\/a>&#8220;, Bremen 2015<\/p>\n","protected":false},"excerpt":{"rendered":"<p>Im Anschluss an die Weltfinanzkrise im Jahre 2009, deren Auswirkungen auf den Containerumschlag in der Umschlagsprognosen f\u00fcr den Bundesverkehrswegeplan unber\u00fccksichtigt blieben, hat die Stadt Hamburg \u00fcber die HPA beim ISL ihre eigene Prognose in Auftrag gegeben. Diese erhielt zur Abgrenzung den Titel &#8220;Umschlagpotenzialprognose&#8221; Die erstmals in 2010 ver\u00f6ffentlichte Prognose wird seitdem regelm\u00e4\u00dfig aktualisiert. Die vom &hellip; <a href=\"https:\/\/www.hamburg-fuer-die-elbe.de\/?page_id=7155\" class=\"more-link\"><span class=\"screen-reader-text\">Potenzialprognose<\/span> weiterlesen <span class=\"meta-nav\">&rarr;<\/span><\/a><\/p>\n","protected":false},"author":2,"featured_media":0,"parent":7135,"menu_order":2,"comment_status":"closed","ping_status":"closed","template":"","meta":{"footnotes":""},"_links":{"self":[{"href":"https:\/\/www.hamburg-fuer-die-elbe.de\/index.php?rest_route=\/wp\/v2\/pages\/7155"}],"collection":[{"href":"https:\/\/www.hamburg-fuer-die-elbe.de\/index.php?rest_route=\/wp\/v2\/pages"}],"about":[{"href":"https:\/\/www.hamburg-fuer-die-elbe.de\/index.php?rest_route=\/wp\/v2\/types\/page"}],"author":[{"embeddable":true,"href":"https:\/\/www.hamburg-fuer-die-elbe.de\/index.php?rest_route=\/wp\/v2\/users\/2"}],"replies":[{"embeddable":true,"href":"https:\/\/www.hamburg-fuer-die-elbe.de\/index.php?rest_route=%2Fwp%2Fv2%2Fcomments&post=7155"}],"version-history":[{"count":6,"href":"https:\/\/www.hamburg-fuer-die-elbe.de\/index.php?rest_route=\/wp\/v2\/pages\/7155\/revisions"}],"predecessor-version":[{"id":11422,"href":"https:\/\/www.hamburg-fuer-die-elbe.de\/index.php?rest_route=\/wp\/v2\/pages\/7155\/revisions\/11422"}],"up":[{"embeddable":true,"href":"https:\/\/www.hamburg-fuer-die-elbe.de\/index.php?rest_route=\/wp\/v2\/pages\/7135"}],"wp:attachment":[{"href":"https:\/\/www.hamburg-fuer-die-elbe.de\/index.php?rest_route=%2Fwp%2Fv2%2Fmedia&parent=7155"}],"curies":[{"name":"wp","href":"https:\/\/api.w.org\/{rel}","templated":true}]}}