{"id":746,"date":"2013-11-11T21:58:39","date_gmt":"2013-11-11T19:58:39","guid":{"rendered":"http:\/\/www.hamburg-fuer-die-elbe.de\/?page_id=746"},"modified":"2019-01-27T20:47:05","modified_gmt":"2019-01-27T18:47:05","slug":"die-geplante-9-elbvertiefung-entwicklung-und-stand-des-verfahrens","status":"publish","type":"page","link":"https:\/\/www.hamburg-fuer-die-elbe.de\/?page_id=746","title":{"rendered":"Stand 9. Elbvertiefung"},"content":{"rendered":"<p>Man verliert bei der neuen Elbvertiefung den \u00dcberblick: Wo befinden wir uns jetzt im Verfahren? Wer hat jetzt die Initiative in der Hand &#8211; welches Gericht ist derzeit aktiv? Nachfolgend versuchen wir Ihnen einen \u00dcberblick zum Verlauf des Verfahrens zu geben:<\/p>\n<p>Bereits vor Beendigung der 8. Elbvertiefung in 1999 wurde die n\u00e4chste gefordert. Sie sollte schon 2003 beendet sein. Gl\u00fccklicherweise f\u00fcr die Elbe, ihrer Natur und deren Anwohner ist ein solches Verfahren aber nicht so schnell umsetzbar.<a href=\"#_ftn1\">[1]<\/a><\/p>\n<p>Nachfolgend eine \u00dcbersicht \u00fcber den Verfahrensverlauf:<a href=\"#_ftn2\">[2]<\/a><\/p>\n<ul>\n<li><strong>2002:<\/strong> Hamburg stellt den Antrag beim Bundesverkehrsministerium f\u00fcr den weiteren Ausbau der Elbe<\/li>\n<li><b>17. September 2006:<\/b> Beantragung des Planfeststellungsverfahrens auf der Grundlage des Bundeswasserstra\u00dfengesetzes<\/li>\n<li><b>21. M\u00e4rz bis 04. Mai 2007:<\/b> \u00d6ffentliche Auslegung der Planunterlagen mit verk\u00fcrzter sechsw\u00f6chiger Frist nach dem Gesetz zur Beschleunigung von Planungsverfahren f\u00fcr Infrastrukturvorgaben (InfraStrPlanVBeschlG)<br \/>\nCa. 5.200 B\u00fcrgerinnen und B\u00fcrger, Kommunen und Verb\u00e4nde erheben Einw\u00e4nde.<br \/>\nDie Planung hatte so viele M\u00e4ngel, dass erhebliche Nacharbeiten notwendig waren. Urspr\u00fcnglich geplante vorgezogene Teilbauma\u00dfnahmen wurden am 11. Juni 2007 kleinlaut von der HPA zur\u00fcck gezogen.<\/li>\n<li><b>03. September 2008,<\/b> 1. Plan\u00e4nderung eingereicht: \u00f6ffentliche Auslegung, die Anzahl der Einwendungen steigt auf 7.200.<\/li>\n<li><b>04. Dezember 2009,<\/b> 2. Plan\u00e4nderung eingereicht<\/li>\n<li><b>Anfang\/Mitte Januar bis 17. Februar 2010<\/b> \u00f6ffentliche Auslegung: Antrag auf die vorgezogene Ma\u00dfnahme \u201eUfersicherungskonzept Altenbrucher Bogen\u201c. Die Ma\u00dfnahme ist dringlich, da das Ufer und die Deiche in diesem Bereich massiv errodieren. Sie kann durchgef\u00fchrt werden.<\/li>\n<li><b>10. Mai 2010;<\/b> 3. Plan\u00e4nderung eingereicht<\/li>\n<li><b>31. Mai bis 14. Juli 2010<\/b> \u00f6ffentliche Auslegung: Es hatte erneut ca. eineinhalb Jahre gedauert, bis die Planunterlagen \u00fcberarbeitet waren.<br \/>\nVorgesehen war, dass noch im selben Jahr der Planfeststellungsbeschluss erfolgen kann. Jedoch gibt es erneut mehrere tausend Einwendungen mit denen sich die Planer auseinandersetzen mussten.<\/li>\n<li><b>04. Januar 2011:<\/b> Die Planfeststellungsbeh\u00f6rde reicht die Planunterlagen zur Fahrrinnenanpassung\u00a0 der Elbe bei der EU-Kommission ein, die eine Stellungnahme nach der FFH-Richtlinie bei solchen Vorhaben abgeben muss.<\/li>\n<li><b>06. Dezember 2011:<\/b> Die EU-Kommission stellt deutlich negative Auswirkungen auf die Umwelt fest, insbesondere auf Natura 2000-Gebiete. Daher werden verschiedene Auflagen im wesentlichen in Bezug auf den gesch\u00fctzten Schierlings-Wasserfenchel formuliert. Dennoch soll die Elbvertiefung durchgef\u00fchrt werden, \u201eaus zwingenden Gr\u00fcnden des \u00fcberwiegenden \u00f6ffentlichen Interesses\u201c.<a href=\"#_ftn3\">[3]<\/a><\/li>\n<li><b>Juli 2012:<\/b> Umweltschutzverb\u00e4nde, St\u00e4dte und Kommunen sowie Einzelpersonen und andere Verb\u00e4nde reichen insgesamt 13 Klagen beim Bundesverwaltungsgericht gegen den Planfeststellungsbeschluss ein. Dar\u00fcber hinaus wird ein Eilantrag (einstweilige Verf\u00fcgung) eingereicht, um vorgezogene (strom-)bauliche Ma\u00dfnahmen zu verhindern, die vor der endg\u00fcltigen Entscheidung \u00fcber das Verfahren umgesetzt werden sollen.<\/li>\n<li><b>17. Oktober 2012:<\/b> Das Bundesverwaltungsgericht gibt dem Eilantrag statt. Die geplanten vorgezogenen baulichen Ma\u00dfnahmen seien Eingriffe, deren Auswirkungen bei einer Ablehnung der Elbvertiefung nicht mehr r\u00fcckg\u00e4ngig gemacht werden k\u00f6nnen.<br \/>\nDas Hauptverfahren soll abgewartet werden. Der Zeitpunkt des Hauptverfahrens wird f\u00fcr Herbst 2013 erwartet.<a href=\"#_ftn4\">[4]<\/a><\/li>\n<li><b>11. Juli 2013:<\/b> Das Bundesverwaltungsgericht setzt das Verfahren f\u00fcr die Weservertiefung aus. Es wendet sich mit einem umfangreichen Fragenkatalog an den Europ\u00e4ischen Gerichtshof (EuGH), um zu kl\u00e4ren, ob die Weservertiefung mit der EU-Wasserrahmenrichtlinie (WRRL) vereinbar ist.<br \/>\nDa die WRRL auch f\u00fcr die Elbvertiefung gilt, wird vermutet, dass das Hauptverfahren zur Elbvertiefung ebenfalls zur\u00fcck gestellt wird, bis der EuGH zur geplanten Weservertiefung Stellung bezogen hat.<a href=\"#_ftn5\">[5]<\/a><\/li>\n<li><strong>09. August 2013:<\/strong> Hamburg und Bund ver\u00f6ffentlichen eine &#8220;Erg\u00e4nzung des Fachbeitrags zur WRRL &#8211; Vorsorgliche Bewertung der Auswirkungen des Vorhabens\n<div dir=\"ltr\" data-canvas-width=\"238.45219219207758\" data-font-name=\"Helvetica\" data-angle=\"0\">im Hinblick auf das wasserrechtliche Verschlechterungsverbot und das wasserrechtliche Verbesserungsgebot nach dem Ma\u00dfstab einer strengen Status Quo-Theorie&#8221;<a href=\"#_ftn6\">[6]<\/a><\/div>\n<\/li>\n<li>\n<div dir=\"ltr\" data-canvas-width=\"238.45219219207758\" data-font-name=\"Helvetica\" data-angle=\"0\"><b>Bis 09. September 2013:<\/b> Die Umweltverb\u00e4nde haben bis zu diesem Termin Zeit, ihre Stellungnahme zu der &#8220;Erg\u00e4nzung&#8221; abzugeben.<a href=\"#_ftn7\">[7]<\/a><\/div>\n<\/li>\n<li><strong>01. Oktober 2013:<\/strong> Hamburg und der Bund beschlie\u00dfen einen Erg\u00e4nzungsbeschluss zum Planfeststellungsverfahren &#8220;&#8230;hinsichtlich des Vorliegens der Ausnahmegr\u00fcnde des \u00a7 31 Abs. 2 WHG\/ Art. 4 Abs. 7 WRRL&#8221; und reichen diesen beim Bundesverwaltungsgericht ein. Es geht im wesentlichen um die Gegen\u00fcberstellung von einer m\u00f6glichen sehr geringen bis ausnahmsweise m\u00e4\u00dfigen Verschlechterung der Wasserqualit\u00e4t im Verh\u00e4ltnis zum \u00fcbergeordneten \u00f6ffentlichen Interesse.<a href=\"#_ftn8\">[8]<\/a><\/li>\n<li><b>Bis 09. November 2013: <\/b>Der Hamburger Senat und der Bund haben die Planunterlagen kr\u00e4ftig \u00fcberarbeitet. Daraufhin erhielten die klagenden Umweltverb\u00e4nde die M\u00f6glichkeit zu diesem neuen Gutachten eine Stellungnahme beim Bundesverwaltungsgericht abzugeben.<a href=\"#_ftn9\">[9]<\/a><\/li>\n<li><strong>03. Dezember 2013:<\/strong> Das Bundesverwaltungsgericht teilt per Pressemitteilung den Verhandlungsbeginn zur Elbvertiefungsklage mit: 15. Juli 2014, angesetzt sind weitere 5 Verhandlungstage in der 29. und 30. Kalenderwoche, ggfs. 3 weitere in der 31. Kalenderwoche.<a href=\"#_ftn9\">[10]<\/a><\/li>\n<li><strong>15. Juli<\/strong> <strong>2014:<\/strong> Er\u00f6ffnung der Verhandlung \u00fcber die Klagen der Umweltverb\u00e4nde gegen die Elbvertiefung. Insgesamt wurde 5 Tage \u00fcber die Zukunft unserer Elbe verhandelt, bei der die Antragsteller h\u00e4ufig kritische Fragen beantworten mussten<strong>.<\/strong><a href=\"#_ftnref10\">[11]<\/a><\/li>\n<li><strong>02. Oktober 2014:<\/strong> Das Bundesverwaltungsgericht verk\u00fcndet das Ergebnis seiner Beratungen nach der Verhandlung zur Elbvertiefung. Da sich in Bezug auf die Verschlechterung der Wasserqualit\u00e4t die selben Fragen stellen, wie bei der Weservertiefung, setzt das Gericht die Verhandlungen aus, bis der EuGH zur Weservertiefung zu einem Ergebnis gekommen ist. Dieses ist dann auf die Elbvertiefung \u00fcbertragbar. Au\u00dferdem bem\u00e4ngelt das Gericht deutlich die schlechte Arbeit der Planungsbeh\u00f6rden im Bereich des Artenschutzes, der Umweltvertr\u00e4glichkeitspr\u00fcfungen und der FFH-Richtlinien. Hier muss erheblich nachgearbeitet werden.<a href=\"#_ftnr12\">[12]<\/a><\/li>\n<li><strong>24. M\u00e4rz 2016:<\/strong> Am Gr\u00fcndonnerstag kurz vor B\u00fcroschluss und unmittelbar vor einem extralangen Osterwochenende haben die Stadt Hamburg und die Generaldirektion Wasserstra\u00dfen und Schifffahrt, Au\u00dfenstelle Nord, den 2. Erg\u00e4nzungsbeschluss zum Planfeststellungsbeschluss ver\u00f6ffentlicht. Am 13. November 2015 wurden die Unterlagen Beh\u00f6rden, Institutionen und Umweltverb\u00e4nden zugesandt und bis zum 23. Dezember 2015 konnten Stellungnahmen eingereicht werden.<br \/>\nEin Schelm, wer B\u00f6ses bei dem Termin der Ver\u00f6ffentlichung mutma\u00dft. Sicherlich ist die Entscheidung, die Unterlagen am Gr\u00fcndonnerstag zu ver\u00f6ffentlichen, im Sinne der interessierten \u00d6ffentlichkeit gefallen. Wann hat man schon mal so viel Zeit, \u00fcber 200 Seiten intensiv und in einem St\u00fcck durchzulesen. \ud83d\ude09\u00a0<a href=\"#_ftnr12\">[13]<\/a><\/li>\n<li><strong>1. Juni 2016:<\/strong> Fristgem\u00e4\u00df reichen die klagenden Verb\u00e4nde BUND und NABU mit Unterst\u00fctzung des WWF ihre Stellungnahme zum Planerg\u00e4nzungsbeschluss beim Bundesverwaltungsgericht in Leipzig ein. Sie beanstanden, dass weder die M\u00e4ngel, die vom Bundesverwaltungsgericht ger\u00fcgt wurden, behoben sind, noch die Rechtsprechung zur EU-Wasserrahmenrichtlinie eingehalten wurde. <a href=\"#_ftnr12\">[14]<\/a><\/li>\n<li><strong>8. Juni 2016:<\/strong> In einer kurzen und knappen Pressemitteilung teilt das Bundesverwaltungsgericht in Leipzig mit, dass die n\u00e4chste \u00f6ffentliche m\u00fcndliche Verhandlung zur Elbvertiefung vom 19. &#8211; 21.12.2016 angesetzt ist. <a href=\"#_ftnr12\">[15]<\/a> Die Beklagten jubeln und gehen von einem positiven Bescheid des Gerichts noch in diesem Jahr aus. Die Hafenwirtschaft und der Anwalt der Kl\u00e4ger d\u00e4mpfen die Vorfreude der Beh\u00f6rden. Sie gehen davon aus, dass das Urteil erst nach einer Beratungszeit nach der Verhandlung gef\u00e4llt wird. Die Umweltverb\u00e4nde sehen in der Ansetzung von drei Verhandlungstagen eine ernsthafte Verhandlung und nicht nur Formalien. Das Gericht selbst soll auf Nachfrage zur Urteilsverk\u00fcndung gesagt haben, dass der Termin am Ende der m\u00fcndlichen Verhandlung bekannt gegeben wird. <a href=\"#_ftnr12\">[16]<\/a><\/li>\n<li><strong>19.-21.12.2016<\/strong><strong>:<\/strong> Erneut verhandelte das Bundesverwaltungsgericht m\u00fcndlich zur geplanten Elbvertiefung. Gegen Mittag des 3. Verhandlungstages trugen Kl\u00e4ger und Beklagte ihre Antr\u00e4ge vor: Aufhebung des Planfeststellungsbeschlusses bzw. Abweisen der Klage. Da es noch viele neue Aspekte gab, erging noch kein Urteil, wie von den Beklagten erhofft. Verk\u00fcndungstermin f\u00fcr das Beratungsergebnis ist jetzt der 9.2.2017.<\/li>\n<li><strong>09.02.2017:<\/strong> Das Bundesverwaltungsgericht in Leipzig hat festgestellt: &#8220;<em>Die Planfeststellungsbeschl\u00fcsse f\u00fcr den Fahrrinnenausbau von Unter- und Au\u00dfenelbe sind wegen Verst\u00f6\u00dfen gegen das Habitatschutzrecht rechtswidrig und nicht vollziehbar. \u2026&#8221;<\/em> Konkret hei\u00dft das, dass vorerst keine Ma\u00dfnahmen im Rahmen der geplanten Elbvertiefung durchgef\u00fchrt werden. Zun\u00e4chst m\u00fcssen die Vorhabenstr\u00e4ger noch Nachsitzen in Bezug auf Koh\u00e4renzma\u00dfnahmen und Untersuchungen zur Versalzung der Elbe. Wenn das nachgearbeitet ist, m\u00fcssen die Unterlagen noch mal ausgelegt werden und die Naturschutzverb\u00e4nde k\u00f6nnen diese pr\u00fcfen und ggf. Einw\u00e4nde formulieren.<a href=\"#_ftnref14\">[17]<\/a><\/li>\n<li><strong>28.11.2017:<\/strong> Es standen noch verschiedene Klagen von Anrainern, Betroffenen und Verb\u00e4nden aus. Am 28.11.2017 hat das Bundesverwaltungsgericht die Klagen der St\u00e4dte Otterndorf und Cuxhaven sowie der Berufsfischer abgewiesen. Der auch klagende Jagdverband einigte sich im Rahmen der Verhandlung mit den Vorhabenstr\u00e4gern, so dass seine Klage nicht mehr verhandelt werden musste.<a href=\"#_ftnref14\">[18]<\/a><\/li>\n<\/ul>\n<p>Das im Fr\u00fchjahr 2015 erwartete Ergebnis zur Wasserrahmenrichtlinie kam dann doch erst am 01.07.2015. Seit dem herrscht Schweigen zur Weservertiefung, die letzte Pressemitteilung des Bundesverwaltungsgerichts stammt <a href=\"http:\/\/www.bverwg.de\/presse\/pressemitteilungen\/pressemitteilung.php?jahr=2013&amp;nr=47\" target=\"_blank\" rel=\"noopener\">vom 11.07.2013<\/a> und bezieht sich auf die Vorlage von Fragen zur Wasserrahmenrichtlinie beim EuGH. Zum Thema Elbvertiefung gibt es nun zumindest die n\u00e4chsten Verhandlungstermine. Dennoch, das Thema Rechtstreit rund um die Elbvertiefung entwickelt sich\u00a0 zu einer unendlichen Geschichte. Der Hamburger Senat und das Bundesverkehrsministerium haben offensichtlich nicht mit dem deutlichen und begr\u00fcndeten Widerstand gegen die erneute \u201eFahrrinnenanpassung\u201c gerechnet. Sie haben von Beginn an nachweislich schlecht gearbeitet und mussten immer wieder Plan\u00e4nderungen anfertigen. Aber auch in den immer wieder \u00fcberarbeiteten Planungsunterlagen glaubte man, sich um die Umwelt nur am Rande k\u00fcmmern zu m\u00fcssen.<\/p>\n<p>Wie in vielen Planfeststellungsverfahren und Gro\u00dfprojekten h\u00e4ngt das Schicksal der Elbe noch immer am Bundesverwaltungsgericht, welches sich zum obersten Natursch\u00fctzer entwickelt.<\/p>\n<p>Ausf\u00fchrliche Informationen zum Projekt \u201eFahrrinnenanpassung\u201c mit allen Planungsunterlagen finden Sie auf den Internetseiten vom<a href=\"http:\/\/www.fahrrinnenausbau.de\/\" target=\"_blank\" rel=\"noopener\"> Projektb\u00fcro Fahrrinnenanpassung<\/a> .<\/p>\n<p>Einen \u00dcberblick \u00fcber die Geschichte der Unterelbe-Ausbauten und \u2013vertiefungen gibt es bei Wikipedia unter dem Stichwort \u201e<a href=\"https:\/\/de.wikipedia.org\/wiki\/Elbvertiefung\" target=\"_blank\" rel=\"noopener\">Elbvertiefung<\/a>\u201c und auf unserer Seite &#8220;<a title=\"\u00c4nderungen der Elbe\" href=\"https:\/\/www.hamburg-fuer-die-elbe.de\/?page_id=904\" target=\"_blank\" rel=\"noopener\">\u00c4nderungen der Elbe<\/a>&#8220;.<\/p>\n<div>\n<hr align=\"left\" size=\"1\" width=\"33%\" \/>\n<\/div>\n<p><a href=\"#_ftnref1\">[1]<\/a> Detaillierte Unterlagen zu den diversen Stufen des Planfeststellungsverfahrens einschlie\u00dflich der eingereichten Unterlagen finden Sie auf den Seiten des <a href=\"http:\/\/www.fahrrinnenausbau.de\/dokumente\/index.php\" target=\"_blank\" rel=\"noopener\">Projektb\u00fcros Fahrrinnenanpassung<br \/>\n<\/a><a href=\"#_ftnref2\">[2]<\/a> NDR Info hat eine <a href=\"http:\/\/www.ndr.de\/nachrichten\/dossiers\/elbvertiefung\/Elbvertiefung-Baggern-oder-bewahren,dossierelbvertiefung2.html\" target=\"_blank\" rel=\"noopener\">umfangreiche Artikelsammlung<\/a> zum Thema Elbvertiefung. Die <a href=\"https:\/\/de.wikipedia.org\/wiki\/Elbvertiefung\" target=\"_blank\" rel=\"noopener\">chronologische \u00dcbersicht \u00fcber die Eingriffe <\/a>in die Unterelbe ab 1834 bis heute hat der NDR zwischenzeitlich gel\u00f6scht, so dass wir auf die Wikipedia, Historische Elbvertiefung verweisen. Das B\u00fcndnis &#8220;<a href=\"http:\/\/bund-hamburg.bund.net\/fileadmin\/bundgruppen\/bcmslvhamburg\/Proj2_Umwelt_Naturschutz\/P2_Elbe\/Elbeverfahren-Chronologie.pdf\" target=\"_blank\" rel=\"noopener\" class=\"broken_link\">Lebendige Tideelbe<\/a>&#8221; hat ebenfalls eine Chronik ver\u00f6ffentlicht.<br \/>\n<a href=\"#_ftnref3\">[3]<\/a>\u00a0<a href=\"http:\/\/ec.europa.eu\/environment\/nature\/natura2000\/management\/docs\/art6\/1_DE_ACT_part1_v4%5B1%5D.pdf\" target=\"_blank\" rel=\"noopener\">Stellungnahme der Kommission<\/a> vom 06.12.2011 auf Ersuchen Deutschlands nach Artikel 6 Unterabsatz 4 Unterabsatz 2 der Richtlinie 92\/43\/EWG des Rates vom 21. Mai 1992 zur Erhaltung der nat\u00fcrlichen Lebensr\u00e4ume sowie der wildlebenden Tiere und Pflanzen: Verbreiterung und Vertiefung der Fahrrinne Unter- und Au\u00dfenelbe bis zum Hamburger Hafen (Deutschland), Seite 7<br \/>\n<a href=\"#_ftnref4\">[4]<\/a> <a href=\"http:\/\/www.bverwg.de\/presse\/pressemitteilungen\/pressemitteilung.php?jahr=2012&amp;nr=101\" target=\"_blank\" rel=\"noopener\">Pressemitteilung Nr. 101\/2012 BVerwG 7 VR 7.12<\/a>, Eilantrag gegen die Elbvertiefung erfolgreich<br \/>\n<a href=\"#_ftnref5\">[5]<\/a> <a href=\"http:\/\/www.google.de\/url?sa=t&amp;rct=j&amp;q=&amp;esrc=s&amp;source=web&amp;cd=1&amp;cad=rja&amp;uact=8&amp;ved=0CCIQFjAA&amp;url=http%3A%2F%2Fwww.abendblatt.de%2Fregion%2Farticle117951168%2FWeservertiefung-liegt-weiter-auf-Eis-Verfahren-ausgesetzt.html&amp;ei=SZzxVJeQHonbPdvbgOAG&amp;usg=AFQjCNFxZ42EYTHK1wNEDS0srNXWKNyW8g&amp;bvm=bv.87269000,d.ZWU\" target=\"_blank\" rel=\"noopener\">Hamburger Abendblatt<\/a> vom 11.07.2013, &#8220;Weservertiefung liegt weiter auf Eis: Verfahren ausgesetzt&#8221;<br \/>\n<a href=\"#_ftnref6\">[6]<\/a> &#8220;<a href=\"https:\/\/www.kuestendaten.de\/media\/zdm\/portaltideelbe\/Projekte\/FRA20XX\/Planfeststellungsverfahren\/Antragsunterlagen\/WRRL_ERG_FB\/Anlage1_Ergaenzung_Fachbeitrag_zur_WRRL.pdf\" target=\"_blank\" rel=\"noopener\">Erg\u00e4nzung des Fachbeitrags zur WRRL<\/a> &#8211; Vorsorgliche Bewertung der Auswirkungen des Vorhabensim Hinblick auf das wasserrechtliche Verschlechterungsverbot unddas wasserrechtliche Verbesserungsgebotnach dem Ma\u00dfstab einer strengen Status Quo-Theorie&#8221;, Auftraggeber WSV Bund, WSA Hamburg, FH Hamburg, HPA, 09.08.2013<br \/>\n<a href=\"#_ftnref7\">[7]<\/a> <a href=\"https:\/\/www.welt.de\/print\/die_welt\/hamburg\/article119490096\/Elbvertiefung-Stadt-legt-Gutachten-vor.html\" target=\"_blank\" rel=\"noopener\">Die Welt<\/a> vom 29.08.2013, &#8220;Elbvertiefung: Stadt legt Gutachen vor&#8221;und das<a href=\"http:\/\/www.google.de\/url?sa=t&amp;rct=j&amp;q=&amp;esrc=s&amp;source=web&amp;cd=1&amp;ved=0CCIQFjAA&amp;url=http%3A%2F%2Fwww.abendblatt.de%2Fhamburg%2Farticle119493788%2FHamburg-legt-neues-Gutachten-vor.html&amp;ei=z5vxVJ6tBYHDOPWDgZgH&amp;usg=AFQjCNGWZpyTLMQej8sMDA_hkXK1SUw2pQ&amp;bvm=bv.87269000,d.ZWU&amp;cad=rja\" target=\"_blank\" rel=\"noopener\"> Hamburger Abendblatt<\/a> vom 29.08.2013 &#8220;Streit \u00fcber Elbvertiefung &#8211; Hamburg legt neues Gutachten vor&#8221; bejubeln ein Gutachten aus Hamburg, dass die Elbvertiefung doch erm\u00f6glichen soll.<br \/>\n<a href=\"#_ftnref8\">[8]<\/a> <a href=\"https:\/\/www.kuestendaten.de\/media\/zdm\/portaltideelbe\/Projekte\/FRA20XX\/Planfeststellungsverfahren\/Beschluesse\/anlagen\/GDWS_Ast._Nord_erster_Ergaenzungsbeschluss_zum_PFB.pdf\" target=\"_blank\" rel=\"noopener\">Endfassung<\/a> 1. Erg\u00e4nzungsbeschluss zum Planfeststellungsbeschluss f\u00fcr die Fahrrinnenanpassung der Unter-und Au\u00dfenelbe f\u00fcr 14,5 m tiefgehende Containerschiffe vom 23.04.2012 (Az.: P-143.3\/46)hinsichtlich des Vorliegens der Ausnahmegr\u00fcnde des \u00a7 31 Abs. 2 WHG\/ Art. 4 Abs. 7 WRRL, Generaldirektion Wasserstra\u00dfen und Schifffahrt Au\u00dfenstelle Nord &#8211; Planfeststellungsbeh\u00f6rde -, 01.10.2013<br \/>\n<a href=\"#_ftnref9\">[9]<\/a> <a href=\"http:\/\/www.faz.net\/aktuell\/wirtschaft\/unternehmen\/elbvertiefung-alarm-im-hafen-12634136.html\" target=\"_blank\" rel=\"noopener\">FAZ<\/a> vom 01.11.2013 &#8220;Elbvertiefung &#8211; Alarm im Hafen&#8221;<br \/>\n<a href=\"#_ftnref10\">[10]<\/a> Bundesverwaltungsgericht, <a href=\"http:\/\/www.bverwg.de\/presse\/pressemitteilungen\/pressemitteilung.php?jahr=2013&amp;nr=84\" target=\"_blank\" rel=\"noopener\">Pressemitteilung Nr. 84\/2013<\/a>, &#8220;Elbvertiefung wird im Juli 2014 m\u00fcndlich verhandelt&#8221;, 03.12.2013<br \/>\n<a href=\"#_ftnref10\">[11]<\/a> Siehe auch unsere Protokolle zu den Verhandlungstagen vom <a title=\"Zwischenbericht aus Leipzig\" href=\"https:\/\/www.hamburg-fuer-die-elbe.de\/?p=2450\" target=\"_blank\" rel=\"noopener\">21.07.2014<\/a> und <a title=\"Weiterer Bericht aus Leipzig\" href=\"https:\/\/www.hamburg-fuer-die-elbe.de\/?p=2483\" target=\"_blank\" rel=\"noopener\">24.07.2014<\/a><br \/>\n<a href=\"#_ftnref12\">[12]<\/a> Siehe auch unsere Beitr\u00e4ge <a title=\"Entscheidung in Leipzig\" href=\"https:\/\/www.hamburg-fuer-die-elbe.de\/?p=3206\" target=\"_blank\" rel=\"noopener\">zum Verhandlungsergebnis<\/a> und zu den <a title=\"Erste Nachlese zu Leipzig\" href=\"https:\/\/www.hamburg-fuer-die-elbe.de\/?p=3220\" target=\"_blank\" rel=\"noopener\">Stimmen in den Medien<\/a><br \/>\n<a href=\"#_ftnref13\">[13]<\/a> 2. Erg\u00e4nzungsbeschluss zum Planfeststellungsbeschluss f\u00fcr die Fahrrinnenanpassung der Unter- und Au\u00dfenelbe f\u00fcr 14,5 m tiefgehende Containerschiffe vom 24.03.2016, <a href=\"http:\/\/www.wsd-nord.wsv.de\/Planfeststellung\/Planfeststellung_Elbe\/\" target=\"_blank\" rel=\"noopener\" class=\"broken_link\">Seite der WSD zur Fahrrinnenanpassung Elbe<\/a>.<br \/>\n<a href=\"#_ftnref14\">[14]<\/a> Gemeinsame <a href=\"http:\/\/bund-hamburg.bund.net\/nc\/presse\/pressemitteilungen_hamburg\/detail\/artikel\/elbvertiefung-umweltverbaende-sehen-weiterhin-massiven-verstoss-gegen-umweltrecht\/?tx_ttnews[backPid]=4655&amp;cHash=b72395459cde977bf03ca950b7c848e6\" target=\"_blank\" rel=\"noopener\" class=\"broken_link\">Pressemitteilung<\/a>\u00a0 von BUND, NABU und WWF vom 01.06.2016<br \/>\n<a href=\"#_ftnref14\">[15]<\/a> Bundesverwaltungsgericht, <a href=\"http:\/\/www.bverwg.de\/presse\/pressemitteilungen\/pressemitteilung.php?jahr=2016&amp;nr=50\" target=\"_blank\" rel=\"noopener\">Pressemitteilung<\/a> Nr. 50\/2016, &#8220;Erneute m\u00fcndliche Verhandlung zur Elbvertiefung im Dezember 2016&#8221;,\u00a0 08.06.2016<br \/>\n<a href=\"#_ftnref14\">[16]<\/a>DIE <a href=\"https:\/\/www.welt.de\/regionales\/hamburg\/article156069318\/Naechste-Verhandlung-zur-Elbvertiefung-vor-Weihnachten.html\" target=\"_blank\" rel=\"noopener\">WELT<\/a> vom 08.06.2016 &#8220;N\u00e4chste Verhandlung zur Elbvertiefung vor Weihnachten&#8221; und <a href=\"http:\/\/www.abendblatt.de\/wirtschaft\/article207658909\/Elbvertiefung-Kommt-das-Urteil-noch-2016.html\" target=\"_blank\" rel=\"noopener\">Hamburger Abendblatt<\/a> &#8220;Elbvertiefung: Kommt das Urteil noch 2016?&#8221;<br \/>\n<a href=\"#_ftnref14\">[17]<\/a>Siehe unseren Beitrag <a href=\"https:\/\/www.hamburg-fuer-die-elbe.de\/?p=11236\" target=\"_blank\" rel=\"noopener\">&#8220;Kirschgr\u00fcne Entscheidung&#8221;<\/a> mit Verweisen<br \/>\n<a href=\"#_ftnref14\">[18]<\/a>Siehe unseren Beitrag &#8220;Klage abgewiesen&#8221; mit Verweisen<\/p>\n","protected":false},"excerpt":{"rendered":"<p>Man verliert bei der neuen Elbvertiefung den \u00dcberblick: Wo befinden wir uns jetzt im Verfahren? Wer hat jetzt die Initiative in der Hand &#8211; welches Gericht ist derzeit aktiv? Nachfolgend versuchen wir Ihnen einen \u00dcberblick zum Verlauf des Verfahrens zu geben: Bereits vor Beendigung der 8. Elbvertiefung in 1999 wurde die n\u00e4chste gefordert. Sie sollte &hellip; <a href=\"https:\/\/www.hamburg-fuer-die-elbe.de\/?page_id=746\" class=\"more-link\"><span class=\"screen-reader-text\">Stand 9. Elbvertiefung<\/span> weiterlesen <span class=\"meta-nav\">&rarr;<\/span><\/a><\/p>\n","protected":false},"author":3,"featured_media":0,"parent":557,"menu_order":0,"comment_status":"closed","ping_status":"closed","template":"","meta":{"footnotes":""},"_links":{"self":[{"href":"https:\/\/www.hamburg-fuer-die-elbe.de\/index.php?rest_route=\/wp\/v2\/pages\/746"}],"collection":[{"href":"https:\/\/www.hamburg-fuer-die-elbe.de\/index.php?rest_route=\/wp\/v2\/pages"}],"about":[{"href":"https:\/\/www.hamburg-fuer-die-elbe.de\/index.php?rest_route=\/wp\/v2\/types\/page"}],"author":[{"embeddable":true,"href":"https:\/\/www.hamburg-fuer-die-elbe.de\/index.php?rest_route=\/wp\/v2\/users\/3"}],"replies":[{"embeddable":true,"href":"https:\/\/www.hamburg-fuer-die-elbe.de\/index.php?rest_route=%2Fwp%2Fv2%2Fcomments&post=746"}],"version-history":[{"count":60,"href":"https:\/\/www.hamburg-fuer-die-elbe.de\/index.php?rest_route=\/wp\/v2\/pages\/746\/revisions"}],"predecessor-version":[{"id":773,"href":"https:\/\/www.hamburg-fuer-die-elbe.de\/index.php?rest_route=\/wp\/v2\/pages\/746\/revisions\/773"}],"up":[{"embeddable":true,"href":"https:\/\/www.hamburg-fuer-die-elbe.de\/index.php?rest_route=\/wp\/v2\/pages\/557"}],"wp:attachment":[{"href":"https:\/\/www.hamburg-fuer-die-elbe.de\/index.php?rest_route=%2Fwp%2Fv2%2Fmedia&parent=746"}],"curies":[{"name":"wp","href":"https:\/\/api.w.org\/{rel}","templated":true}]}}