{"id":89,"date":"2013-10-13T09:16:48","date_gmt":"2013-10-13T07:16:48","guid":{"rendered":"http:\/\/localhost\/wordpress\/?page_id=71"},"modified":"2016-09-03T09:00:17","modified_gmt":"2016-09-03T08:00:17","slug":"kreetsand","status":"publish","type":"page","link":"https:\/\/www.hamburg-fuer-die-elbe.de\/?page_id=89","title":{"rendered":"Kreetsand"},"content":{"rendered":"<p>Am Kreetsand, einem Bestandteil des erst im Jahre 2010 geschaffenen 31. Hamburger Naturschutzgebiet <a href=\"http:\/\/www.hamburg.de\/auenlandschaft-norderelbe\/\" target=\"_blank\">Auenlandschaft Norderelbe<\/a>, entsteht seit 2012 eine &#8220;besondere&#8221; Ausgleichsma\u00dfnahme f\u00fcr die aktuelle Elbvertiefung.<\/p>\n<figure id=\"attachment_4802\" aria-describedby=\"caption-attachment-4802\" style=\"width: 300px\" class=\"wp-caption alignright\"><a href=\"https:\/\/www.hamburg-fuer-die-elbe.de\/wordpress\/wp-content\/uploads\/2013\/10\/KreetsandIBABild.jpg\" target=\"_blank\"><img loading=\"lazy\" decoding=\"async\" class=\"wp-image-4802 size-medium\" src=\"https:\/\/www.hamburg-fuer-die-elbe.de\/wordpress\/wp-content\/uploads\/2013\/10\/KreetsandIBABild-300x199.jpg\" alt=\"KreetsandIBABild\" width=\"300\" height=\"199\" srcset=\"https:\/\/www.hamburg-fuer-die-elbe.de\/wordpress\/wp-content\/uploads\/2013\/10\/KreetsandIBABild-300x199.jpg 300w, https:\/\/www.hamburg-fuer-die-elbe.de\/wordpress\/wp-content\/uploads\/2013\/10\/KreetsandIBABild-1024x679.jpg 1024w, https:\/\/www.hamburg-fuer-die-elbe.de\/wordpress\/wp-content\/uploads\/2013\/10\/KreetsandIBABild-900x596.jpg 900w, https:\/\/www.hamburg-fuer-die-elbe.de\/wordpress\/wp-content\/uploads\/2013\/10\/KreetsandIBABild.jpg 1346w\" sizes=\"(max-width: 300px) 100vw, 300px\" \/><\/a><figcaption id=\"caption-attachment-4802\" class=\"wp-caption-text\">Infos\u00e4ulenbild: so soll es mal aussehen&#8230;<\/figcaption><\/figure>\n<p>Mit dieser Ma\u00dfnahme soll aus dem Altsp\u00fclfeld Kreet\u00adsand ein von der Tide beeinflusstes Flachwassergebiet mit Ver\u00adbin\u00addung zur Norderelbe geschaffen werden. Es handelt sich im Rahmen der geplanten Elbver\u00adtiefung um eine Flora-Fauna-Habitat-Aus\u00adgleichs\u00adma\u00df\u00adnahme, die dem\u00a0 <a href=\"https:\/\/de.wikipedia.org\/wiki\/Schierlings-Wasserfenchel\" target=\"_blank\">Schierlings-Wasserfenchel<\/a>, der weltweit nur an der Niederelbe leben kann, eine &#8220;vermeindlich&#8221; neue Heimat geben soll.<\/p>\n<p>Gleichzeitig sollen am Kreetsand 1 Mio. m\u00b3 Tidevolumen zur Redu\u00adzierung des Tidal-Pumping-Effektes geschaffen werden. Das Projekt wurde als <a href=\"http:\/\/www.iba-hamburg.de\/projekte\/deichpark-elbinsel\/pilotprojekt-kreetsand\/projekt\/pilotprojet-kreetsand.html\" target=\"_blank\">Teil der IBA 2013<\/a> pr\u00e4sentiert und sollte als Pilotprojekt f\u00fcr &#8220;&#8230;<em>eine integrative Planung und Umsetzung verschiedenster Interessen und Belange aus Hafennutzung, Hochwasserschutz, Wasserwirtschaft, Naturschutz und Naherholung<\/em>&#8221; gelten. F\u00fcr die IBA wurde am S\u00fcdrand der jetzigen Dauerbaustelle ein Pavillon gebaut, auf dem das mittlerweile unglaubw\u00fcrdig gewordene Projekt erkl\u00e4rt wird. Der Senat koppelt den Abschluss des Projekt an die Durchf\u00fchrung der neunten Elbvertiefung und strebt damit eine Fertigstellung erst f\u00fcr das Jahr 2017 an.<\/p>\n<p>In der Zwischenzeit ist die <a href=\"http:\/\/www.goep.hamburg\/auenlandschaft\/\" target=\"_blank\">ehemals gr\u00fcne Tideaue Kreetsand<\/a> zu einer Dauerbaustelle in Form einer Sandw<a href=\"https:\/\/www.hamburg-fuer-die-elbe.de\/wordpress\/wp-content\/uploads\/2013\/10\/Kreetsand2014.jpg\" target=\"_blank\"><img loading=\"lazy\" decoding=\"async\" class=\" wp-image-4801 size-medium alignleft\" src=\"https:\/\/www.hamburg-fuer-die-elbe.de\/wordpress\/wp-content\/uploads\/2013\/10\/Kreetsand2014-300x225.jpg\" alt=\"Kreetsand2014\" width=\"300\" height=\"225\" srcset=\"https:\/\/www.hamburg-fuer-die-elbe.de\/wordpress\/wp-content\/uploads\/2013\/10\/Kreetsand2014-300x225.jpg 300w, https:\/\/www.hamburg-fuer-die-elbe.de\/wordpress\/wp-content\/uploads\/2013\/10\/Kreetsand2014-1024x768.jpg 1024w, https:\/\/www.hamburg-fuer-die-elbe.de\/wordpress\/wp-content\/uploads\/2013\/10\/Kreetsand2014-900x675.jpg 900w, https:\/\/www.hamburg-fuer-die-elbe.de\/wordpress\/wp-content\/uploads\/2013\/10\/Kreetsand2014.jpg 1200w\" sizes=\"(max-width: 300px) 100vw, 300px\" \/><\/a>\u00fcste verkommen. Bagger, Planierraupen samt Containerdorf stehen nun seit mittlerweile \u00fcber zwei Jahren auf dem Gel\u00e4nde.<\/p>\n<p>Es mutet absurd an, welches Phlegma die Stadt Hamburg an den Tag legt: die normalerweise f\u00fcr Naturschutzgebiete zust\u00e4ndige Beh\u00f6rde f\u00fcr Stadtentwicklung und Umwelt (BSU) scheint gegen\u00fcber dem Bautr\u00e4ger Hamburg Port Authority, HPA keine Einflussm\u00f6glichkeiten f\u00fcr eine schnelle Beendigung der Bauma\u00dfnahmen zu haben.<\/p>\n<p>Die Ausgleichs\u00adma\u00df\u00adnah\u00ad\u00adme Kreetsand wurde, wie die Aufwertung des NSG-Zollenspieker, von der EU-Kommission als Koh\u00e4renzma\u00dfnahme nachgefordert. F\u00fcr das NSG Zollenspieker werden zus\u00e4tzliche Kosten von 2.800.000 \u20ac erwartet.<a href=\"#_ftn1\">[1]<\/a><\/p>\n<p><strong>Kosten<\/strong><br \/>\nStand 2010:\u00a0\u00a0\u00a0 noch keine Planungen, von der EU als Ausgleichsma\u00dfnahme eingefordert.<br \/>\nStand 2011:\u00a0\u00a0\u00a0\u00a0\u00a0\u00a0\u00a0\u00a0\u00a0\u00a0\u00a0\u00a0\u00a0\u00a0\u00a0\u00a0\u00a0\u00a0\u00a0\u00a0\u00a0\u00a0\u00a0\u00a0\u00a0 37.600.000 \u20ac<br \/>\nStand 2013:\u00a0\u00a0\u00a0\u00a0\u00a0\u00a0\u00a0\u00a0\u00a0\u00a0\u00a0\u00a0\u00a0\u00a0\u00a0\u00a0\u00a0 \u00a0 \u00a0\u00a0\u00a0\u00a0\u00a0 63.000.000 \u20ac<a href=\"#_ftn2\">[2]<\/a><br \/>\nStand 2014:\u00a0\u00a0\u00a0\u00a0\u00a0\u00a0\u00a0\u00a0\u00a0\u00a0\u00a0\u00a0\u00a0\u00a0\u00a0\u00a0\u00a0\u00a0\u00a0\u00a0\u00a0\u00a0\u00a0\u00a0\u00a0 63.256.000 \u20ac<a href=\"#_ftn3\">[3]<br \/>\n<\/a>Stand 2015:\u00a0\u00a0\u00a0\u00a0\u00a0\u00a0\u00a0\u00a0\u00a0\u00a0\u00a0\u00a0\u00a0\u00a0\u00a0\u00a0\u00a0\u00a0\u00a0\u00a0\u00a0\u00a0\u00a0\u00a0\u00a0 63.300.000 \u20ac<a href=\"#_ftn4\">[4]<\/a><\/p>\n<p>Lesen Sie weiter bei den Deichsicherungsma\u00dfnahmen am <a href=\"https:\/\/www.hamburg-fuer-die-elbe.de\/?page_id=90\">-&gt; Ufer Altenbruch<\/a><\/p>\n<div>\n<div>\n<hr align=\"left\" size=\"1\" width=\"33%\" \/>\n<div>\n<p><a href=\"#_ftnref1\">[1]<\/a> Schriftliche kleine Anfrage: \u201eElbvertiefung &#8211; Kosten\u201c, <a href=\"https:\/\/www.buergerschaft-hh.de\/ParlDok\/dokument\/35841\/elbvertiefung-%e2%80%93-kosten.pdf\" class=\"broken_link\">Drucksache 20\/3337<br \/>\n<\/a><a href=\"#_ftnref2\">[2]<\/a> Schriftliche kleine Anfrage: \u201eStand der Hafeninfrastrukturma\u00dfnahmen Tideelbe-Neubau Flachwassergebiet Spadenlan\u00adder Busch-Kreetsand\u201c, <a href=\"https:\/\/www.buergerschaft-hh.de\/ParlDok\/dokument\/39900\/stand-der-hafeninfrastrukturma%c3%9fnahmen-%e2%80%9etideelbe-%e2%80%93-neubau-flachwassergebiet-spadenlander-busch-%e2%80%93-kreetsand%e2%80%9c.pdf\" target=\"_blank\" class=\"broken_link\">Drucksache 20\/7072<\/a><br \/>\n<a href=\"#_ftnref3\">[3]<\/a> Gro\u00dfe Anfrage: \u201eHafenfinanzierung (III)\u201c, <a href=\"https:\/\/www.buergerschaft-hh.de\/ParlDok\/dokument\/43909\/hafenfinanzierung-iii-.pdf\" target=\"_blank\" class=\"broken_link\">Drucksache 20\/10595<\/a>, hier Anlage 3, Seite 8 und Schriftliche kleine Anfrage: &#8220;Elbvertiefung-Kosten&#8221;, <a href=\"https:\/\/www.buergerschaft-hh.de\/ParlDok\/dokument\/45632\/elbvertiefung-%E2%80%93-kosten.pdf\" target=\"_blank\" class=\"broken_link\">Drucksache 20\/12347<\/a>, hier Frage 5<br \/>\n<a href=\"#_ftnref4\">[4]<\/a> Gro\u00dfe Anfrage: \u201eHafenfinanzierung (IV)\u201c, <a href=\"https:\/\/www.buergerschaft-hh.de\/ParlDok\/dokument\/47407\/hafenfinanzierung-iv-.pdf\" target=\"_blank\" class=\"broken_link\">Drucksache 20\/14001<\/a>, hier Anlage 4, Seite 8<\/p>\n<\/div>\n<\/div>\n<\/div>\n","protected":false},"excerpt":{"rendered":"<p>Am Kreetsand, einem Bestandteil des erst im Jahre 2010 geschaffenen 31. Hamburger Naturschutzgebiet Auenlandschaft Norderelbe, entsteht seit 2012 eine &#8220;besondere&#8221; Ausgleichsma\u00dfnahme f\u00fcr die aktuelle Elbvertiefung. Mit dieser Ma\u00dfnahme soll aus dem Altsp\u00fclfeld Kreet\u00adsand ein von der Tide beeinflusstes Flachwassergebiet mit Ver\u00adbin\u00addung zur Norderelbe geschaffen werden. Es handelt sich im Rahmen der geplanten Elbver\u00adtiefung um eine &hellip; <a href=\"https:\/\/www.hamburg-fuer-die-elbe.de\/?page_id=89\" class=\"more-link\"><span class=\"screen-reader-text\">Kreetsand<\/span> weiterlesen <span class=\"meta-nav\">&rarr;<\/span><\/a><\/p>\n","protected":false},"author":2,"featured_media":0,"parent":86,"menu_order":2,"comment_status":"closed","ping_status":"open","template":"","meta":{"footnotes":""},"_links":{"self":[{"href":"https:\/\/www.hamburg-fuer-die-elbe.de\/index.php?rest_route=\/wp\/v2\/pages\/89"}],"collection":[{"href":"https:\/\/www.hamburg-fuer-die-elbe.de\/index.php?rest_route=\/wp\/v2\/pages"}],"about":[{"href":"https:\/\/www.hamburg-fuer-die-elbe.de\/index.php?rest_route=\/wp\/v2\/types\/page"}],"author":[{"embeddable":true,"href":"https:\/\/www.hamburg-fuer-die-elbe.de\/index.php?rest_route=\/wp\/v2\/users\/2"}],"replies":[{"embeddable":true,"href":"https:\/\/www.hamburg-fuer-die-elbe.de\/index.php?rest_route=%2Fwp%2Fv2%2Fcomments&post=89"}],"version-history":[{"count":20,"href":"https:\/\/www.hamburg-fuer-die-elbe.de\/index.php?rest_route=\/wp\/v2\/pages\/89\/revisions"}],"predecessor-version":[{"id":10366,"href":"https:\/\/www.hamburg-fuer-die-elbe.de\/index.php?rest_route=\/wp\/v2\/pages\/89\/revisions\/10366"}],"up":[{"embeddable":true,"href":"https:\/\/www.hamburg-fuer-die-elbe.de\/index.php?rest_route=\/wp\/v2\/pages\/86"}],"wp:attachment":[{"href":"https:\/\/www.hamburg-fuer-die-elbe.de\/index.php?rest_route=%2Fwp%2Fv2%2Fmedia&parent=89"}],"curies":[{"name":"wp","href":"https:\/\/api.w.org\/{rel}","templated":true}]}}